{"id":1036,"date":"2017-02-18T11:25:54","date_gmt":"2017-02-18T11:25:54","guid":{"rendered":"http:\/\/43.242.212.212\/~atulco\/?page_id=1036"},"modified":"2020-05-20T18:13:14","modified_gmt":"2020-05-20T12:43:14","slug":"investorsannual-reports","status":"publish","type":"page","link":"https:\/\/www.atul.co.in\/portuguese\/investors\/annual-reports","title":{"rendered":"Relat\u00f3rios anuais"},"content":{"rendered":"<div class=\"breadcrumb\"><a href=\"?page_id=845\">Investors<\/a> <span>&rsaquo;<\/span> <a href=\"?page_id=1000\">Informa\u00e7\u00e3o para Acionistas<\/a> <span>&rsaquo;<\/span> Relat\u00f3rios anuais<\/div>\n<div class=\"annual-reports-wrapper\"><div class='content-column one_fourth'><center><img loading=\"lazy\" decoding=\"async\" src=\"https:\/\/www.atul.co.in\/portuguese\/wp-content\/uploads\/2019\/08\/report18-19.png\" alt=\"\" width=\"144\" height=\"186\" class=\"aligncenter size-full wp-image-4622\" \/><strong>2018 &#8211; 2019<\/strong><\/p>\n<div class=\"annualreport\"><a href=\"https:\/\/www.atul.co.in\/portuguese\/pdf\/investors\/information-for-stakeholders\/annual-reports\/Atul-2018-19.pdf\" target=\"_blank\" rel=\"noopener noreferrer\"><img loading=\"lazy\" decoding=\"async\" src=\"https:\/\/www.atul.co.in\/portuguese\/wp-content\/uploads\/2017\/02\/pdf.png\" onmouseover=\"this.src='https:\/\/www.atul.co.in\/portuguese\/wp-content\/uploads\/2017\/03\/pdf-hover.png'\" onmouseout=\"this.src='https:\/\/www.atul.co.in\/portuguese\/wp-content\/uploads\/2017\/02\/pdf.png'\"  width=\"40\" height=\"40\" class=\"alignnone size-full wp-image-4659\"\/><\/a><a href=\"https:\/\/www.atul.co.in\/portuguese\/Annual-Reports\/2018-2019\/\" target=\"_blank\"><img loading=\"lazy\" decoding=\"async\" src=\"https:\/\/www.atul.co.in\/portuguese\/wp-content\/uploads\/2017\/02\/book.png\" onmouseover=\"this.src='https:\/\/www.atul.co.in\/portuguese\/wp-content\/uploads\/2017\/02\/book-hover.png'\" onmouseout=\"this.src='https:\/\/www.atul.co.in\/portuguese\/wp-content\/uploads\/2017\/02\/book.png'\"  width=\"40\" height=\"40\" class=\"alignnone size-full wp-image-4659\"\/><\/a><\/div>\n<p><\/center><\/div><div class='content-column one_fourth'><center><img loading=\"lazy\" decoding=\"async\" src=\"https:\/\/www.atul.co.in\/portuguese\/wp-content\/uploads\/2018\/06\/2017-2018.jpg\" alt=\"\" width=\"144\" height=\"186\" class=\"aligncenter size-full wp-image-4622\" \/><strong>2017 &#8211; 2018<\/strong><\/p>\n<div class=\"annualreport\"><a href=\"https:\/\/www.atul.co.in\/portuguese\/pdf\/investors\/information-for-stakeholders\/annual-reports\/Atul-2017-18.pdf\" target=\"_blank\" rel=\"noopener noreferrer\"><img loading=\"lazy\" decoding=\"async\" src=\"https:\/\/www.atul.co.in\/portuguese\/wp-content\/uploads\/2017\/02\/pdf.png\" onmouseover=\"this.src='https:\/\/www.atul.co.in\/portuguese\/wp-content\/uploads\/2017\/03\/pdf-hover.png'\" onmouseout=\"this.src='https:\/\/www.atul.co.in\/portuguese\/wp-content\/uploads\/2017\/02\/pdf.png'\"  width=\"40\" height=\"40\" class=\"alignnone size-full wp-image-4659\"\/><\/a><a href=\"https:\/\/www.atul.co.in\/portuguese\/Annual-Reports\/2017-2018\/\" target=\"_blank\"><img loading=\"lazy\" decoding=\"async\" src=\"https:\/\/www.atul.co.in\/portuguese\/wp-content\/uploads\/2017\/02\/book.png\" onmouseover=\"this.src='https:\/\/www.atul.co.in\/portuguese\/wp-content\/uploads\/2017\/02\/book-hover.png'\" onmouseout=\"this.src='https:\/\/www.atul.co.in\/portuguese\/wp-content\/uploads\/2017\/02\/book.png'\"  width=\"40\" height=\"40\" class=\"alignnone size-full wp-image-4659\"\/><\/a><\/div>\n<p><\/center><\/div><div class='content-column one_fourth'><center><img loading=\"lazy\" decoding=\"async\" src=\"https:\/\/www.atul.co.in\/portuguese\/wp-content\/uploads\/2017\/02\/2016-2017.jpg\" alt=\"\" width=\"144\" height=\"186\" class=\"aligncenter size-full wp-image-4622\" srcset=\"https:\/\/www.atul.co.in\/portuguese\/wp-content\/uploads\/2017\/02\/2016-2017.jpg 144w, https:\/\/www.atul.co.in\/portuguese\/wp-content\/uploads\/2017\/02\/2016-2017-60x78.jpg 60w\" sizes=\"auto, (max-width: 144px) 100vw, 144px\" \/><strong>2016 &#8211; 2017<\/strong><\/p>\n<div class=\"annualreport\"><a href=\"https:\/\/www.atul.co.in\/portuguese\/pdf\/investors\/information-for-stakeholders\/annual-reports\/Atul-2016-17.pdf\" target=\"_blank\" rel=\"noopener noreferrer\"><img loading=\"lazy\" decoding=\"async\" src=\"https:\/\/www.atul.co.in\/portuguese\/wp-content\/uploads\/2017\/02\/pdf.png\" onmouseover=\"this.src='https:\/\/www.atul.co.in\/portuguese\/wp-content\/uploads\/2017\/03\/pdf-hover.png'\" onmouseout=\"this.src='https:\/\/www.atul.co.in\/portuguese\/wp-content\/uploads\/2017\/02\/pdf.png'\"  width=\"40\" height=\"40\" class=\"alignnone size-full wp-image-4659\"\/><\/a><a href=\"https:\/\/www.atul.co.in\/portuguese\/Annual-Reports\/2016-2017\/\" target=\"_blank\"><img loading=\"lazy\" decoding=\"async\" src=\"https:\/\/www.atul.co.in\/portuguese\/wp-content\/uploads\/2017\/02\/book.png\" onmouseover=\"this.src='https:\/\/www.atul.co.in\/portuguese\/wp-content\/uploads\/2017\/02\/book-hover.png'\" onmouseout=\"this.src='https:\/\/www.atul.co.in\/portuguese\/wp-content\/uploads\/2017\/02\/book.png'\"  width=\"40\" height=\"40\" class=\"alignnone size-full wp-image-4659\"\/><\/a><\/div>\n<p><\/center><\/div><div class='content-column one_fourth last_column'><center><img loading=\"lazy\" decoding=\"async\" src=\"https:\/\/www.atul.co.in\/portuguese\/wp-content\/uploads\/2015-2016.jpg\" alt=\"\" width=\"144\" height=\"186\" class=\"aligncenter size-full wp-image-1408\" srcset=\"https:\/\/www.atul.co.in\/portuguese\/wp-content\/uploads\/2015-2016.jpg 144w, https:\/\/www.atul.co.in\/portuguese\/wp-content\/uploads\/2015-2016-60x78.jpg 60w\" sizes=\"auto, (max-width: 144px) 100vw, 144px\" \/><strong>2015 &#8211; 2016<\/strong><\/p>\n<div class=\"annualreport\"><a href=\"https:\/\/www.atul.co.in\/portuguese\/pdf\/investors\/information-for-stakeholders\/annual-reports\/Atul-2015-16.pdf\" target=\"_blank\" rel=\"noopener noreferrer\"><img loading=\"lazy\" decoding=\"async\" src=\"https:\/\/www.atul.co.in\/portuguese\/wp-content\/uploads\/2017\/02\/pdf.png\" onmouseover=\"this.src='https:\/\/www.atul.co.in\/portuguese\/wp-content\/uploads\/2017\/03\/pdf-hover.png'\" onmouseout=\"this.src='https:\/\/www.atul.co.in\/portuguese\/wp-content\/uploads\/2017\/02\/pdf.png'\"  width=\"40\" height=\"40\" class=\"alignnone size-full wp-image-4659\"\/><\/a><a href=\"https:\/\/www.atul.co.in\/portuguese\/Annual-Reports\/2015-2016\/\" target=\"_blank\"><img loading=\"lazy\" decoding=\"async\" src=\"https:\/\/www.atul.co.in\/portuguese\/wp-content\/uploads\/2017\/02\/book.png\" onmouseover=\"this.src='https:\/\/www.atul.co.in\/portuguese\/wp-content\/uploads\/2017\/02\/book-hover.png'\" onmouseout=\"this.src='https:\/\/www.atul.co.in\/portuguese\/wp-content\/uploads\/2017\/02\/book.png'\"  width=\"40\" height=\"40\" class=\"alignnone size-full wp-image-4659\"\/><\/a><\/div>\n<p><\/center><\/div><div class='clear_column'><\/div><div class='content-column one_fourth'><center><img loading=\"lazy\" decoding=\"async\" src=\"https:\/\/www.atul.co.in\/portuguese\/wp-content\/uploads\/2014-2015-1.jpg\" alt=\"\" width=\"144\" height=\"186\" class=\"aligncenter size-full wp-image-1421\" srcset=\"https:\/\/www.atul.co.in\/portuguese\/wp-content\/uploads\/2014-2015-1.jpg 144w, https:\/\/www.atul.co.in\/portuguese\/wp-content\/uploads\/2014-2015-1-60x78.jpg 60w\" sizes=\"auto, (max-width: 144px) 100vw, 144px\" \/><strong>2014 &#8211; 2015<\/strong><\/p>\n<div class=\"annualreport\"><a href=\"https:\/\/www.atul.co.in\/portuguese\/pdf\/investors\/information-for-stakeholders\/annual-reports\/Atul-2014-15.pdf\" target=\"_blank\" rel=\"noopener noreferrer\" ><img loading=\"lazy\" decoding=\"async\" src=\"https:\/\/www.atul.co.in\/portuguese\/wp-content\/uploads\/2017\/02\/pdf.png\" onmouseover=\"this.src='https:\/\/www.atul.co.in\/portuguese\/wp-content\/uploads\/2017\/03\/pdf-hover.png'\" onmouseout=\"this.src='https:\/\/www.atul.co.in\/portuguese\/wp-content\/uploads\/2017\/02\/pdf.png'\"  width=\"40\" height=\"40\" class=\"alignnone size-full wp-image-4659\"\/><\/a><a href=\"https:\/\/www.atul.co.in\/portuguese\/Annual-Reports\/2014-2015\/\" target=\"_blank\"><img loading=\"lazy\" decoding=\"async\" src=\"https:\/\/www.atul.co.in\/portuguese\/wp-content\/uploads\/2017\/02\/book.png\" onmouseover=\"this.src='https:\/\/www.atul.co.in\/portuguese\/wp-content\/uploads\/2017\/02\/book-hover.png'\" onmouseout=\"this.src='https:\/\/www.atul.co.in\/portuguese\/wp-content\/uploads\/2017\/02\/book.png'\"  width=\"40\" height=\"40\" class=\"alignnone size-full wp-image-4659\"\/><\/a><\/div>\n<p><\/center><\/div><div class='content-column one_fourth'><center><img loading=\"lazy\" decoding=\"async\" src=\"https:\/\/www.atul.co.in\/portuguese\/wp-content\/uploads\/2013-2014-1.jpg\" alt=\"\" width=\"144\" height=\"186\" class=\"aligncenter size-full wp-image-1420\" srcset=\"https:\/\/www.atul.co.in\/portuguese\/wp-content\/uploads\/2013-2014-1.jpg 144w, https:\/\/www.atul.co.in\/portuguese\/wp-content\/uploads\/2013-2014-1-60x78.jpg 60w\" sizes=\"auto, (max-width: 144px) 100vw, 144px\" \/><strong>2013 &#8211; 2014<\/strong><\/p>\n<div class=\"annualreport\"><a href=\"https:\/\/www.atul.co.in\/portuguese\/pdf\/investors\/information-for-stakeholders\/annual-reports\/Atul-2013-14.pdf\" target=\"_blank\" rel=\"noopener noreferrer\" ><img loading=\"lazy\" decoding=\"async\" src=\"https:\/\/www.atul.co.in\/portuguese\/wp-content\/uploads\/2017\/02\/pdf.png\" onmouseover=\"this.src='https:\/\/www.atul.co.in\/portuguese\/wp-content\/uploads\/2017\/03\/pdf-hover.png'\" onmouseout=\"this.src='https:\/\/www.atul.co.in\/portuguese\/wp-content\/uploads\/2017\/02\/pdf.png'\"  width=\"40\" height=\"40\" class=\"alignnone size-full wp-image-4659\"\/><\/a><a href=\"https:\/\/www.atul.co.in\/portuguese\/Annual-Reports\/2013-2014\/\" target=\"_blank\"><img loading=\"lazy\" decoding=\"async\" src=\"https:\/\/www.atul.co.in\/portuguese\/wp-content\/uploads\/2017\/02\/book.png\" onmouseover=\"this.src='https:\/\/www.atul.co.in\/portuguese\/wp-content\/uploads\/2017\/02\/book-hover.png'\" onmouseout=\"this.src='https:\/\/www.atul.co.in\/portuguese\/wp-content\/uploads\/2017\/02\/book.png'\"  width=\"40\" height=\"40\" class=\"alignnone size-full wp-image-4659\"\/><\/a><\/div>\n<p><\/center><\/div><div class='content-column one_fourth'><center><img loading=\"lazy\" decoding=\"async\" src=\"https:\/\/www.atul.co.in\/portuguese\/wp-content\/uploads\/2012-2013-2.jpg\" alt=\"\" width=\"144\" height=\"186\" class=\"aligncenter size-full wp-image-1419\" srcset=\"https:\/\/www.atul.co.in\/portuguese\/wp-content\/uploads\/2012-2013-2.jpg 144w, https:\/\/www.atul.co.in\/portuguese\/wp-content\/uploads\/2012-2013-2-60x78.jpg 60w\" sizes=\"auto, (max-width: 144px) 100vw, 144px\" \/><strong>2012 &#8211; 2013<\/strong><\/p>\n<div class=\"annualreport\" ><a href=\"https:\/\/www.atul.co.in\/portuguese\/pdf\/investors\/information-for-stakeholders\/annual-reports\/Atul-2012-13.pdf\" target=\"_blank\" rel=\"noopener noreferrer\" ><img loading=\"lazy\" decoding=\"async\" src=\"https:\/\/www.atul.co.in\/portuguese\/wp-content\/uploads\/2017\/02\/pdf.png\" onmouseover=\"this.src='https:\/\/www.atul.co.in\/portuguese\/wp-content\/uploads\/2017\/03\/pdf-hover.png'\" onmouseout=\"this.src='https:\/\/www.atul.co.in\/portuguese\/wp-content\/uploads\/2017\/02\/pdf.png'\"  width=\"40\" height=\"40\" class=\"alignnone size-full wp-image-4659\"\/><\/a><a href=\"https:\/\/www.atul.co.in\/portuguese\/Annual-Reports\/2012-2013\/\" target=\"_blank\"><img loading=\"lazy\" decoding=\"async\" src=\"https:\/\/www.atul.co.in\/portuguese\/wp-content\/uploads\/2017\/02\/book.png\" onmouseover=\"this.src='https:\/\/www.atul.co.in\/portuguese\/wp-content\/uploads\/2017\/02\/book-hover.png'\" onmouseout=\"this.src='https:\/\/www.atul.co.in\/portuguese\/wp-content\/uploads\/2017\/02\/book.png'\"  width=\"40\" height=\"40\" class=\"alignnone size-full wp-image-4659\"\/><\/a><\/div>\n<p><\/center><\/div><div class='content-column one_fourth last_column'><center><img loading=\"lazy\" decoding=\"async\" src=\"https:\/\/www.atul.co.in\/portuguese\/wp-content\/uploads\/2011-2012.jpg\" alt=\"\" width=\"144\" height=\"186\" class=\"aligncenter size-full wp-image-1417\" srcset=\"https:\/\/www.atul.co.in\/portuguese\/wp-content\/uploads\/2011-2012.jpg 144w, https:\/\/www.atul.co.in\/portuguese\/wp-content\/uploads\/2011-2012-60x78.jpg 60w\" sizes=\"auto, (max-width: 144px) 100vw, 144px\" \/><strong>2011 &#8211; 2012<\/strong><\/p>\n<div class=\"annualreport\"><a href=\"https:\/\/www.atul.co.in\/portuguese\/pdf\/investors\/information-for-stakeholders\/annual-reports\/Atul-2011-12.pdf\" target=\"_blank\" rel=\"noopener noreferrer\" ><img loading=\"lazy\" decoding=\"async\" src=\"https:\/\/www.atul.co.in\/portuguese\/wp-content\/uploads\/2017\/02\/pdf.png\" onmouseover=\"this.src='https:\/\/www.atul.co.in\/portuguese\/wp-content\/uploads\/2017\/03\/pdf-hover.png'\" onmouseout=\"this.src='https:\/\/www.atul.co.in\/portuguese\/wp-content\/uploads\/2017\/02\/pdf.png'\"  width=\"40\" height=\"40\" class=\"alignnone size-full wp-image-4659\"\/><\/a><a href=\"https:\/\/www.atul.co.in\/portuguese\/Annual-Reports\/2011-2012\/\" target=\"_blank\"><img loading=\"lazy\" decoding=\"async\" src=\"https:\/\/www.atul.co.in\/portuguese\/wp-content\/uploads\/2017\/02\/book.png\" onmouseover=\"this.src='https:\/\/www.atul.co.in\/portuguese\/wp-content\/uploads\/2017\/02\/book-hover.png'\" onmouseout=\"this.src='https:\/\/www.atul.co.in\/portuguese\/wp-content\/uploads\/2017\/02\/book.png'\"  width=\"40\" height=\"40\" class=\"alignnone size-full wp-image-4659\"\/><\/a><\/div>\n<p><\/center><\/div><div class='clear_column'><\/div><div class='content-column one_fourth'><center><img loading=\"lazy\" decoding=\"async\" src=\"https:\/\/www.atul.co.in\/portuguese\/wp-content\/uploads\/2010-2011.jpg\" alt=\"\" width=\"144\" height=\"186\" class=\"aligncenter size-full wp-image-1416\" srcset=\"https:\/\/www.atul.co.in\/portuguese\/wp-content\/uploads\/2010-2011.jpg 144w, https:\/\/www.atul.co.in\/portuguese\/wp-content\/uploads\/2010-2011-60x78.jpg 60w\" sizes=\"auto, (max-width: 144px) 100vw, 144px\" \/><strong>2010 &#8211; 2011<\/strong><\/p>\n<div class=\"annualreport\"><a href=\"https:\/\/www.atul.co.in\/portuguese\/pdf\/investors\/information-for-stakeholders\/annual-reports\/Atul-2010-11.pdf\" target=\"_blank\" rel=\"noopener noreferrer\" ><img loading=\"lazy\" decoding=\"async\" src=\"https:\/\/www.atul.co.in\/portuguese\/wp-content\/uploads\/2017\/02\/pdf.png\" onmouseover=\"this.src='https:\/\/www.atul.co.in\/portuguese\/wp-content\/uploads\/2017\/03\/pdf-hover.png'\" onmouseout=\"this.src='https:\/\/www.atul.co.in\/portuguese\/wp-content\/uploads\/2017\/02\/pdf.png'\"  width=\"40\" height=\"40\" class=\"alignnone size-full wp-image-4659\"\/><\/a><a href=\"https:\/\/www.atul.co.in\/portuguese\/Annual-Reports\/2010-2011\/\" target=\"_blank\"><img loading=\"lazy\" decoding=\"async\" src=\"https:\/\/www.atul.co.in\/portuguese\/wp-content\/uploads\/2017\/02\/book.png\" onmouseover=\"this.src='https:\/\/www.atul.co.in\/portuguese\/wp-content\/uploads\/2017\/02\/book-hover.png'\" onmouseout=\"this.src='https:\/\/www.atul.co.in\/portuguese\/wp-content\/uploads\/2017\/02\/book.png'\"  width=\"40\" height=\"40\" class=\"alignnone size-full wp-image-4659\"\/><\/a><\/div>\n<p><\/center><br \/><\/div><div class='content-column one_fourth'><center><img loading=\"lazy\" decoding=\"async\" src=\"https:\/\/www.atul.co.in\/portuguese\/wp-content\/uploads\/2009-2010.jpg\" alt=\"\" width=\"144\" height=\"186\" class=\"aligncenter size-full wp-image-1415\" srcset=\"https:\/\/www.atul.co.in\/portuguese\/wp-content\/uploads\/2009-2010.jpg 144w, https:\/\/www.atul.co.in\/portuguese\/wp-content\/uploads\/2009-2010-60x78.jpg 60w\" sizes=\"auto, (max-width: 144px) 100vw, 144px\" \/><strong>2009 &#8211; 2010<\/strong><\/p>\n<div class=\"annualreport\"><a href=\"https:\/\/www.atul.co.in\/portuguese\/pdf\/investors\/information-for-stakeholders\/annual-reports\/Atul-2009-10.pdf\" target=\"_blank\" rel=\"noopener noreferrer\" ><img loading=\"lazy\" decoding=\"async\" src=\"https:\/\/www.atul.co.in\/portuguese\/wp-content\/uploads\/2017\/02\/pdf.png\" onmouseover=\"this.src='https:\/\/www.atul.co.in\/portuguese\/wp-content\/uploads\/2017\/03\/pdf-hover.png'\" onmouseout=\"this.src='https:\/\/www.atul.co.in\/portuguese\/wp-content\/uploads\/2017\/02\/pdf.png'\"  width=\"40\" height=\"40\" class=\"alignnone size-full wp-image-4659\"\/><\/a><a href=\"https:\/\/www.atul.co.in\/portuguese\/Annual-Reports\/2009-2010\/\" target=\"_blank\"><img loading=\"lazy\" decoding=\"async\" src=\"https:\/\/www.atul.co.in\/portuguese\/wp-content\/uploads\/2017\/02\/book.png\" onmouseover=\"this.src='https:\/\/www.atul.co.in\/portuguese\/wp-content\/uploads\/2017\/02\/book-hover.png'\" onmouseout=\"this.src='https:\/\/www.atul.co.in\/portuguese\/wp-content\/uploads\/2017\/02\/book.png'\"  width=\"40\" height=\"40\" class=\"alignnone size-full wp-image-4659\"\/><\/a><\/div>\n<p><\/center><\/div><div class='content-column one_fourth'><center><img loading=\"lazy\" decoding=\"async\" src=\"https:\/\/www.atul.co.in\/portuguese\/wp-content\/uploads\/2008-2009.jpg\" alt=\"\" width=\"144\" height=\"186\" class=\"aligncenter size-full wp-image-1414\" srcset=\"https:\/\/www.atul.co.in\/portuguese\/wp-content\/uploads\/2008-2009.jpg 144w, https:\/\/www.atul.co.in\/portuguese\/wp-content\/uploads\/2008-2009-60x78.jpg 60w\" sizes=\"auto, (max-width: 144px) 100vw, 144px\" \/><strong>2008 &#8211; 2009<\/strong><\/p>\n<div class=\"annualreport\"><a href=\"https:\/\/www.atul.co.in\/portuguese\/pdf\/investors\/information-for-stakeholders\/annual-reports\/Atul-2008-09.pdf\" target=\"_blank\" rel=\"noopener noreferrer\" ><img loading=\"lazy\" decoding=\"async\" src=\"https:\/\/www.atul.co.in\/portuguese\/wp-content\/uploads\/2017\/02\/pdf.png\" onmouseover=\"this.src='https:\/\/www.atul.co.in\/portuguese\/wp-content\/uploads\/2017\/03\/pdf-hover.png'\" onmouseout=\"this.src='https:\/\/www.atul.co.in\/portuguese\/wp-content\/uploads\/2017\/02\/pdf.png'\"  width=\"40\" height=\"40\" class=\"alignnone size-full wp-image-4659\"\/><\/a><a href=\"https:\/\/www.atul.co.in\/portuguese\/Annual-Reports\/2008-2009\/\"><img loading=\"lazy\" decoding=\"async\" src=\"https:\/\/www.atul.co.in\/portuguese\/wp-content\/uploads\/2017\/02\/book.png\" onmouseover=\"this.src='https:\/\/www.atul.co.in\/portuguese\/wp-content\/uploads\/2017\/02\/book-hover.png'\" onmouseout=\"this.src='https:\/\/www.atul.co.in\/portuguese\/wp-content\/uploads\/2017\/02\/book.png'\"  width=\"40\" height=\"40\" class=\"alignnone size-full wp-image-4659\"\/><\/a><\/div>\n<p><\/center><\/div><div class='content-column one_fourth'><\/div><div class='content-column one_fourth'><\/div><div class='content-column one_fourth last_column'><\/div><div class='clear_column'><\/div><\/div>\n<\/div>\n","protected":false},"excerpt":{"rendered":"<p>Investors &rsaquo; Informa\u00e7\u00e3o para Acionistas &rsaquo; Relat\u00f3rios anuais<\/p>\n","protected":false},"author":1,"featured_media":5748,"parent":845,"menu_order":0,"comment_status":"closed","ping_status":"closed","template":"","meta":{"_acf_changed":false,"footnotes":"","_links_to":"","_links_to_target":""},"class_list":["post-1036","page","type-page","status-publish","has-post-thumbnail","hentry"],"acf":[],"yoast_head":"<!-- This site is optimized with the Yoast SEO plugin v26.8 - https:\/\/yoast.com\/product\/yoast-seo-wordpress\/ -->\n<title>Relat\u00f3rios anuais | Atul<\/title>\n<meta name=\"robots\" content=\"index, follow, max-snippet:-1, max-image-preview:large, max-video-preview:-1\" \/>\n<link rel=\"canonical\" href=\"https:\/\/www.atul.co.in\/portuguese\/investors\/annual-reports\/\" \/>\n<meta property=\"og:locale\" content=\"en_US\" \/>\n<meta property=\"og:type\" content=\"article\" \/>\n<meta property=\"og:title\" content=\"Relat\u00f3rios anuais | Atul\" \/>\n<meta property=\"og:description\" content=\"Investors &rsaquo; Informa\u00e7\u00e3o para Acionistas &rsaquo; Relat\u00f3rios anuais\" \/>\n<meta property=\"og:url\" content=\"https:\/\/www.atul.co.in\/portuguese\/investors\/annual-reports\/\" \/>\n<meta property=\"og:site_name\" content=\"Atul Ltd\" \/>\n<meta property=\"article:modified_time\" content=\"2020-05-20T12:43:14+00:00\" \/>\n<meta property=\"og:image\" content=\"https:\/\/www.atul.co.in\/portuguese\/wp-content\/uploads\/2017\/02\/aromatics-banner.jpg\" \/>\n\t<meta property=\"og:image:width\" content=\"1250\" \/>\n\t<meta property=\"og:image:height\" content=\"335\" \/>\n\t<meta property=\"og:image:type\" content=\"image\/jpeg\" \/>\n<meta name=\"twitter:card\" content=\"summary_large_image\" \/>\n<script type=\"application\/ld+json\" class=\"yoast-schema-graph\">{\"@context\":\"https:\/\/schema.org\",\"@graph\":[{\"@type\":\"WebPage\",\"@id\":\"https:\/\/www.atul.co.in\/portuguese\/investors\/annual-reports\/\",\"url\":\"https:\/\/www.atul.co.in\/portuguese\/investors\/annual-reports\/\",\"name\":\"Relat\u00f3rios anuais | Atul\",\"isPartOf\":{\"@id\":\"http:\/\/13.127.36.189\/portuguese\/#website\"},\"primaryImageOfPage\":{\"@id\":\"https:\/\/www.atul.co.in\/portuguese\/investors\/annual-reports\/#primaryimage\"},\"image\":{\"@id\":\"https:\/\/www.atul.co.in\/portuguese\/investors\/annual-reports\/#primaryimage\"},\"thumbnailUrl\":\"https:\/\/www.atul.co.in\/portuguese\/wp-content\/uploads\/2017\/02\/aromatics-banner.jpg\",\"datePublished\":\"2017-02-18T11:25:54+00:00\",\"dateModified\":\"2020-05-20T12:43:14+00:00\",\"breadcrumb\":{\"@id\":\"https:\/\/www.atul.co.in\/portuguese\/investors\/annual-reports\/#breadcrumb\"},\"inLanguage\":\"en-US\",\"potentialAction\":[{\"@type\":\"ReadAction\",\"target\":[\"https:\/\/www.atul.co.in\/portuguese\/investors\/annual-reports\/\"]}]},{\"@type\":\"ImageObject\",\"inLanguage\":\"en-US\",\"@id\":\"https:\/\/www.atul.co.in\/portuguese\/investors\/annual-reports\/#primaryimage\",\"url\":\"https:\/\/www.atul.co.in\/portuguese\/wp-content\/uploads\/2017\/02\/aromatics-banner.jpg\",\"contentUrl\":\"https:\/\/www.atul.co.in\/portuguese\/wp-content\/uploads\/2017\/02\/aromatics-banner.jpg\",\"width\":1250,\"height\":335},{\"@type\":\"BreadcrumbList\",\"@id\":\"https:\/\/www.atul.co.in\/portuguese\/investors\/annual-reports\/#breadcrumb\",\"itemListElement\":[{\"@type\":\"ListItem\",\"position\":1,\"name\":\"Home\",\"item\":\"https:\/\/www.atul.co.in\/portuguese\/\"},{\"@type\":\"ListItem\",\"position\":2,\"name\":\"Investidores\",\"item\":\"https:\/\/www.atul.co.in\/portuguese\/investors\/\"},{\"@type\":\"ListItem\",\"position\":3,\"name\":\"Relat\u00f3rios anuais\"}]},{\"@type\":\"WebSite\",\"@id\":\"http:\/\/13.127.36.189\/portuguese\/#website\",\"url\":\"http:\/\/13.127.36.189\/portuguese\/\",\"name\":\"Atul Ltd\",\"description\":\"\",\"potentialAction\":[{\"@type\":\"SearchAction\",\"target\":{\"@type\":\"EntryPoint\",\"urlTemplate\":\"http:\/\/13.127.36.189\/portuguese\/?s={search_term_string}\"},\"query-input\":{\"@type\":\"PropertyValueSpecification\",\"valueRequired\":true,\"valueName\":\"search_term_string\"}}],\"inLanguage\":\"en-US\"}]}<\/script>\n<!-- \/ Yoast SEO plugin. -->","yoast_head_json":{"title":"Relat\u00f3rios anuais | Atul","robots":{"index":"index","follow":"follow","max-snippet":"max-snippet:-1","max-image-preview":"max-image-preview:large","max-video-preview":"max-video-preview:-1"},"canonical":"https:\/\/www.atul.co.in\/portuguese\/investors\/annual-reports\/","og_locale":"en_US","og_type":"article","og_title":"Relat\u00f3rios anuais | Atul","og_description":"Investors &rsaquo; Informa\u00e7\u00e3o para Acionistas &rsaquo; Relat\u00f3rios anuais","og_url":"https:\/\/www.atul.co.in\/portuguese\/investors\/annual-reports\/","og_site_name":"Atul Ltd","article_modified_time":"2020-05-20T12:43:14+00:00","og_image":[{"width":1250,"height":335,"url":"https:\/\/www.atul.co.in\/portuguese\/wp-content\/uploads\/2017\/02\/aromatics-banner.jpg","type":"image\/jpeg"}],"twitter_card":"summary_large_image","schema":{"@context":"https:\/\/schema.org","@graph":[{"@type":"WebPage","@id":"https:\/\/www.atul.co.in\/portuguese\/investors\/annual-reports\/","url":"https:\/\/www.atul.co.in\/portuguese\/investors\/annual-reports\/","name":"Relat\u00f3rios anuais | Atul","isPartOf":{"@id":"http:\/\/13.127.36.189\/portuguese\/#website"},"primaryImageOfPage":{"@id":"https:\/\/www.atul.co.in\/portuguese\/investors\/annual-reports\/#primaryimage"},"image":{"@id":"https:\/\/www.atul.co.in\/portuguese\/investors\/annual-reports\/#primaryimage"},"thumbnailUrl":"https:\/\/www.atul.co.in\/portuguese\/wp-content\/uploads\/2017\/02\/aromatics-banner.jpg","datePublished":"2017-02-18T11:25:54+00:00","dateModified":"2020-05-20T12:43:14+00:00","breadcrumb":{"@id":"https:\/\/www.atul.co.in\/portuguese\/investors\/annual-reports\/#breadcrumb"},"inLanguage":"en-US","potentialAction":[{"@type":"ReadAction","target":["https:\/\/www.atul.co.in\/portuguese\/investors\/annual-reports\/"]}]},{"@type":"ImageObject","inLanguage":"en-US","@id":"https:\/\/www.atul.co.in\/portuguese\/investors\/annual-reports\/#primaryimage","url":"https:\/\/www.atul.co.in\/portuguese\/wp-content\/uploads\/2017\/02\/aromatics-banner.jpg","contentUrl":"https:\/\/www.atul.co.in\/portuguese\/wp-content\/uploads\/2017\/02\/aromatics-banner.jpg","width":1250,"height":335},{"@type":"BreadcrumbList","@id":"https:\/\/www.atul.co.in\/portuguese\/investors\/annual-reports\/#breadcrumb","itemListElement":[{"@type":"ListItem","position":1,"name":"Home","item":"https:\/\/www.atul.co.in\/portuguese\/"},{"@type":"ListItem","position":2,"name":"Investidores","item":"https:\/\/www.atul.co.in\/portuguese\/investors\/"},{"@type":"ListItem","position":3,"name":"Relat\u00f3rios anuais"}]},{"@type":"WebSite","@id":"http:\/\/13.127.36.189\/portuguese\/#website","url":"http:\/\/13.127.36.189\/portuguese\/","name":"Atul Ltd","description":"","potentialAction":[{"@type":"SearchAction","target":{"@type":"EntryPoint","urlTemplate":"http:\/\/13.127.36.189\/portuguese\/?s={search_term_string}"},"query-input":{"@type":"PropertyValueSpecification","valueRequired":true,"valueName":"search_term_string"}}],"inLanguage":"en-US"}]}},"_links":{"self":[{"href":"https:\/\/www.atul.co.in\/portuguese\/wp-json\/wp\/v2\/pages\/1036","targetHints":{"allow":["GET"]}}],"collection":[{"href":"https:\/\/www.atul.co.in\/portuguese\/wp-json\/wp\/v2\/pages"}],"about":[{"href":"https:\/\/www.atul.co.in\/portuguese\/wp-json\/wp\/v2\/types\/page"}],"author":[{"embeddable":true,"href":"https:\/\/www.atul.co.in\/portuguese\/wp-json\/wp\/v2\/users\/1"}],"replies":[{"embeddable":true,"href":"https:\/\/www.atul.co.in\/portuguese\/wp-json\/wp\/v2\/comments?post=1036"}],"version-history":[{"count":0,"href":"https:\/\/www.atul.co.in\/portuguese\/wp-json\/wp\/v2\/pages\/1036\/revisions"}],"up":[{"embeddable":true,"href":"https:\/\/www.atul.co.in\/portuguese\/wp-json\/wp\/v2\/pages\/845"}],"wp:featuredmedia":[{"embeddable":true,"href":"https:\/\/www.atul.co.in\/portuguese\/wp-json\/wp\/v2\/media\/5748"}],"wp:attachment":[{"href":"https:\/\/www.atul.co.in\/portuguese\/wp-json\/wp\/v2\/media?parent=1036"}],"curies":[{"name":"wp","href":"https:\/\/api.w.org\/{rel}","templated":true}]}}