{"id":885,"date":"2017-02-02T04:09:35","date_gmt":"2017-02-02T04:09:35","guid":{"rendered":"http:\/\/43.242.212.212\/~atulco\/?page_id=885"},"modified":"2020-04-02T15:42:51","modified_gmt":"2020-04-02T10:12:51","slug":"pharma","status":"publish","type":"page","link":"https:\/\/www.atul.co.in\/portuguese\/pharma","title":{"rendered":"About"},"content":{"rendered":"<div class=\"container\">\n<!--\n\n<div class=\"text1\"><center> <\/center><\/div>\n\n--><\/div>\n<p><!--\n\n<div class=\"space40\"><\/div>\n\n\n\n\n<div class=\"landingimage\"><img loading=\"lazy\" decoding=\"async\" src=\"https:\/\/www.atul.co.in\/portuguese\/wp-content\/uploads\/pharma-main-1.jpg\" alt=\"\" width=\"1400\" height=\"304\" class=\"aligncenter size-full wp-image-3548\" srcset=\"https:\/\/www.atul.co.in\/portuguese\/wp-content\/uploads\/pharma-main-1.jpg 1400w, https:\/\/www.atul.co.in\/portuguese\/wp-content\/uploads\/pharma-main-1-768x167.jpg 768w, https:\/\/www.atul.co.in\/portuguese\/wp-content\/uploads\/pharma-main-1-60x13.jpg 60w\" sizes=\"auto, (max-width: 1400px) 100vw, 1400px\" \/><\/div>\n\n--><\/p>\n<div class=\"pharmaceuticals-intermediates-highlights\">\n<div class=\"container\">\n<div class=\"title\">Esfor\u00e7os pioneiros<\/div>\n<div class=\"text\">\nPrimeiro fabricante de dapsona na \u00cdndia<\/p>\n<p>Entre os maiores fabricantes mundiais de dapsona, uma API<\/p>\n<p>A Atul Bioscience Ltd, uma subsidi\u00e1ria integral, fabrica dedicadamente uma variedade de intermedi\u00e1rios de API<\/p>\n<p>Especializado em v\u00e1rios intermedi\u00e1rios farmac\u00eauticos \u00e0 base de fosg\u00eanio<\/p>\n<p>Fosgena\u00e7\u00e3o desde 1970\n<\/p><\/div>\n<div class=\"clear\"><\/div>\n<\/div>\n<\/div>\n<div class=\"pharmaceuticals-intermediates-industry\">\n<div class=\"container\">\n<div class=\"title\">Produtos<\/div>\n<div class=\"text\">Completamente integrado ao contr\u00e1rio, produzindo fosg\u00eanio e uma variedade de intermedi\u00e1rios a jusante, como cloroformatos, isocianatos e ureias org\u00e2nicas<\/div>\n<div class=\"link\"><a href=\"https:\/\/www.atul.co.in\/portuguese\/pharma\/products\">EXPLORAR<\/a><\/div>\n<div class=\"clear\"><\/div>\n<\/div>\n<\/div>\n<div class=\"pharmaceuticals-intermediates-products\">\n<div class=\"container\">\n<div class=\"title\">Qualidade<\/div>\n<div class=\"text\">Manter todas as instala\u00e7\u00f5es de fabrica\u00e7\u00e3o com altos padr\u00f5es e implementar as melhores pr\u00e1ticas em todas as opera\u00e7\u00f5es<\/div>\n<div class=\"link\"><a href=\"https:\/\/www.atul.co.in\/portuguese\/pharma\/quality\">EXPLORAR<\/a><\/div>\n<div class=\"clear\"><\/div>\n<\/div>\n<\/div>\n<p><!--\n\n\n<div class=\"updates\">\n\n\n<div class=\"container\">\n\n\n<div class=\"title\"><a href=\"https:\/\/www.atul.co.in\/portuguese\/w4pl\/pharma-updates-list\/\">Updates<\/a><\/div>\n\n\n[postlist id=4393]\n\n<\/div>\n\n\n<\/div>\n\n --><br \/>\n<!--eof updates--><\/p>\n","protected":false},"excerpt":{"rendered":"<p>Esfor\u00e7os pioneiros Primeiro fabricante de dapsona na \u00cdndia Entre os maiores fabricantes mundiais de dapsona, uma API A Atul Bioscience Ltd, uma subsidi\u00e1ria integral, fabrica dedicadamente uma variedade de intermedi\u00e1rios de API Especializado em v\u00e1rios intermedi\u00e1rios farmac\u00eauticos \u00e0 base de<span class=\"ellipsis\">&hellip;<\/span><\/p>\n<div class=\"read-more\"><a href=\"https:\/\/www.atul.co.in\/portuguese\/pharma\">Read more &#8250;<\/a><\/div>\n<p><!-- end of .read-more --><\/p>\n","protected":false},"author":1,"featured_media":0,"parent":884,"menu_order":0,"comment_status":"closed","ping_status":"closed","template":"pharmaceuticals-intermediates-microsite-pages.php","meta":{"_acf_changed":false,"footnotes":"","_links_to":"","_links_to_target":""},"class_list":["post-885","page","type-page","status-publish","hentry"],"acf":[],"yoast_head":"<!-- This site is optimized with the Yoast SEO plugin v26.8 - https:\/\/yoast.com\/product\/yoast-seo-wordpress\/ -->\n<title>F\u00e1rmacos | Atul<\/title>\n<meta name=\"robots\" content=\"index, follow, max-snippet:-1, max-image-preview:large, max-video-preview:-1\" \/>\n<link rel=\"canonical\" href=\"http:\/\/13.127.36.189\/portuguese\/pharma\/\" \/>\n<meta property=\"og:locale\" content=\"en_US\" \/>\n<meta property=\"og:type\" content=\"article\" \/>\n<meta property=\"og:title\" content=\"F\u00e1rmacos | Atul\" \/>\n<meta property=\"og:description\" content=\"Esfor\u00e7os pioneiros Primeiro fabricante de dapsona na \u00cdndia Entre os maiores fabricantes mundiais de dapsona, uma API A Atul Bioscience Ltd, uma subsidi\u00e1ria integral, fabrica dedicadamente uma variedade de intermedi\u00e1rios de API Especializado em v\u00e1rios intermedi\u00e1rios farmac\u00eauticos \u00e0 base de&hellip;Read more &#8250;\" \/>\n<meta property=\"og:url\" content=\"http:\/\/13.127.36.189\/portuguese\/pharma\/\" \/>\n<meta property=\"og:site_name\" content=\"Atul Ltd\" \/>\n<meta property=\"article:modified_time\" content=\"2020-04-02T10:12:51+00:00\" \/>\n<meta property=\"og:image\" content=\"https:\/\/www.atul.co.in\/portuguese\/wp-content\/uploads\/pharma-main-1.jpg\" \/>\n<meta name=\"twitter:card\" content=\"summary_large_image\" \/>\n<meta name=\"twitter:label1\" content=\"Est. reading time\" \/>\n\t<meta name=\"twitter:data1\" content=\"1 minute\" \/>\n<script type=\"application\/ld+json\" class=\"yoast-schema-graph\">{\"@context\":\"https:\/\/schema.org\",\"@graph\":[{\"@type\":\"WebPage\",\"@id\":\"http:\/\/13.127.36.189\/portuguese\/pharma\/\",\"url\":\"http:\/\/13.127.36.189\/portuguese\/pharma\/\",\"name\":\"F\u00e1rmacos | Atul\",\"isPartOf\":{\"@id\":\"http:\/\/13.127.36.189\/portuguese\/#website\"},\"primaryImageOfPage\":{\"@id\":\"http:\/\/13.127.36.189\/portuguese\/pharma\/#primaryimage\"},\"image\":{\"@id\":\"http:\/\/13.127.36.189\/portuguese\/pharma\/#primaryimage\"},\"thumbnailUrl\":\"https:\/\/www.atul.co.in\/portuguese\/wp-content\/uploads\/pharma-main-1.jpg\",\"datePublished\":\"2017-02-02T04:09:35+00:00\",\"dateModified\":\"2020-04-02T10:12:51+00:00\",\"breadcrumb\":{\"@id\":\"http:\/\/13.127.36.189\/portuguese\/pharma\/#breadcrumb\"},\"inLanguage\":\"en-US\",\"potentialAction\":[{\"@type\":\"ReadAction\",\"target\":[\"http:\/\/13.127.36.189\/portuguese\/pharma\/\"]}]},{\"@type\":\"ImageObject\",\"inLanguage\":\"en-US\",\"@id\":\"http:\/\/13.127.36.189\/portuguese\/pharma\/#primaryimage\",\"url\":\"https:\/\/www.atul.co.in\/portuguese\/wp-content\/uploads\/pharma-main-1.jpg\",\"contentUrl\":\"https:\/\/www.atul.co.in\/portuguese\/wp-content\/uploads\/pharma-main-1.jpg\"},{\"@type\":\"BreadcrumbList\",\"@id\":\"http:\/\/13.127.36.189\/portuguese\/pharma\/#breadcrumb\",\"itemListElement\":[{\"@type\":\"ListItem\",\"position\":1,\"name\":\"Home\",\"item\":\"https:\/\/www.atul.co.in\/portuguese\/\"},{\"@type\":\"ListItem\",\"position\":2,\"name\":\"Pharmaceuticals and Intermediates\",\"item\":\"\/\"},{\"@type\":\"ListItem\",\"position\":3,\"name\":\"About\"}]},{\"@type\":\"WebSite\",\"@id\":\"http:\/\/13.127.36.189\/portuguese\/#website\",\"url\":\"http:\/\/13.127.36.189\/portuguese\/\",\"name\":\"Atul Ltd\",\"description\":\"\",\"potentialAction\":[{\"@type\":\"SearchAction\",\"target\":{\"@type\":\"EntryPoint\",\"urlTemplate\":\"http:\/\/13.127.36.189\/portuguese\/?s={search_term_string}\"},\"query-input\":{\"@type\":\"PropertyValueSpecification\",\"valueRequired\":true,\"valueName\":\"search_term_string\"}}],\"inLanguage\":\"en-US\"}]}<\/script>\n<!-- \/ Yoast SEO plugin. -->","yoast_head_json":{"title":"F\u00e1rmacos | Atul","robots":{"index":"index","follow":"follow","max-snippet":"max-snippet:-1","max-image-preview":"max-image-preview:large","max-video-preview":"max-video-preview:-1"},"canonical":"http:\/\/13.127.36.189\/portuguese\/pharma\/","og_locale":"en_US","og_type":"article","og_title":"F\u00e1rmacos | Atul","og_description":"Esfor\u00e7os pioneiros Primeiro fabricante de dapsona na \u00cdndia Entre os maiores fabricantes mundiais de dapsona, uma API A Atul Bioscience Ltd, uma subsidi\u00e1ria integral, fabrica dedicadamente uma variedade de intermedi\u00e1rios de API Especializado em v\u00e1rios intermedi\u00e1rios farmac\u00eauticos \u00e0 base de&hellip;Read more &#8250;","og_url":"http:\/\/13.127.36.189\/portuguese\/pharma\/","og_site_name":"Atul Ltd","article_modified_time":"2020-04-02T10:12:51+00:00","og_image":[{"url":"https:\/\/www.atul.co.in\/portuguese\/wp-content\/uploads\/pharma-main-1.jpg","type":"","width":"","height":""}],"twitter_card":"summary_large_image","twitter_misc":{"Est. reading time":"1 minute"},"schema":{"@context":"https:\/\/schema.org","@graph":[{"@type":"WebPage","@id":"http:\/\/13.127.36.189\/portuguese\/pharma\/","url":"http:\/\/13.127.36.189\/portuguese\/pharma\/","name":"F\u00e1rmacos | Atul","isPartOf":{"@id":"http:\/\/13.127.36.189\/portuguese\/#website"},"primaryImageOfPage":{"@id":"http:\/\/13.127.36.189\/portuguese\/pharma\/#primaryimage"},"image":{"@id":"http:\/\/13.127.36.189\/portuguese\/pharma\/#primaryimage"},"thumbnailUrl":"https:\/\/www.atul.co.in\/portuguese\/wp-content\/uploads\/pharma-main-1.jpg","datePublished":"2017-02-02T04:09:35+00:00","dateModified":"2020-04-02T10:12:51+00:00","breadcrumb":{"@id":"http:\/\/13.127.36.189\/portuguese\/pharma\/#breadcrumb"},"inLanguage":"en-US","potentialAction":[{"@type":"ReadAction","target":["http:\/\/13.127.36.189\/portuguese\/pharma\/"]}]},{"@type":"ImageObject","inLanguage":"en-US","@id":"http:\/\/13.127.36.189\/portuguese\/pharma\/#primaryimage","url":"https:\/\/www.atul.co.in\/portuguese\/wp-content\/uploads\/pharma-main-1.jpg","contentUrl":"https:\/\/www.atul.co.in\/portuguese\/wp-content\/uploads\/pharma-main-1.jpg"},{"@type":"BreadcrumbList","@id":"http:\/\/13.127.36.189\/portuguese\/pharma\/#breadcrumb","itemListElement":[{"@type":"ListItem","position":1,"name":"Home","item":"https:\/\/www.atul.co.in\/portuguese\/"},{"@type":"ListItem","position":2,"name":"Pharmaceuticals and Intermediates","item":"\/"},{"@type":"ListItem","position":3,"name":"About"}]},{"@type":"WebSite","@id":"http:\/\/13.127.36.189\/portuguese\/#website","url":"http:\/\/13.127.36.189\/portuguese\/","name":"Atul Ltd","description":"","potentialAction":[{"@type":"SearchAction","target":{"@type":"EntryPoint","urlTemplate":"http:\/\/13.127.36.189\/portuguese\/?s={search_term_string}"},"query-input":{"@type":"PropertyValueSpecification","valueRequired":true,"valueName":"search_term_string"}}],"inLanguage":"en-US"}]}},"_links":{"self":[{"href":"https:\/\/www.atul.co.in\/portuguese\/wp-json\/wp\/v2\/pages\/885","targetHints":{"allow":["GET"]}}],"collection":[{"href":"https:\/\/www.atul.co.in\/portuguese\/wp-json\/wp\/v2\/pages"}],"about":[{"href":"https:\/\/www.atul.co.in\/portuguese\/wp-json\/wp\/v2\/types\/page"}],"author":[{"embeddable":true,"href":"https:\/\/www.atul.co.in\/portuguese\/wp-json\/wp\/v2\/users\/1"}],"replies":[{"embeddable":true,"href":"https:\/\/www.atul.co.in\/portuguese\/wp-json\/wp\/v2\/comments?post=885"}],"version-history":[{"count":0,"href":"https:\/\/www.atul.co.in\/portuguese\/wp-json\/wp\/v2\/pages\/885\/revisions"}],"up":[{"embeddable":true,"href":"https:\/\/www.atul.co.in\/portuguese\/wp-json\/wp\/v2\/pages\/884"}],"wp:attachment":[{"href":"https:\/\/www.atul.co.in\/portuguese\/wp-json\/wp\/v2\/media?parent=885"}],"curies":[{"name":"wp","href":"https:\/\/api.w.org\/{rel}","templated":true}]}}