{"id":1008,"date":"2017-02-16T12:50:14","date_gmt":"2017-02-16T12:50:14","guid":{"rendered":"http:\/\/43.242.212.212\/~atulco\/?page_id=1008"},"modified":"2020-06-17T14:26:52","modified_gmt":"2020-06-17T08:56:52","slug":"businesses-2","status":"publish","type":"page","link":"https:\/\/www.atul.co.in\/spanish\/businesses","title":{"rendered":"Empresas"},"content":{"rendered":"<div class=\"container\">\n<div class=\"text2\">Atul es una de las mayores empresas qu\u00edmicas integradas de la India.<\/div>\n<\/div>\n<div class=\"desktop\">\n<div class=\"businesswrapper\">\n<div class=\"businessrow3\">\n<div class=\"businessleft\">\n<div class=\"aromatics-main\"><\/div>\n<\/div>\n<div class=\"businessright\">\n<div class=\"businesstext\">\n<h2>Compuestos Arom\u00e1ticos<\/h2>\n<h3>Aromatics pretende ser un negocio de clase mundial, ofreciendo a sus clientes de Cuidado Personal y otras industrias elegidas productos y servicios de alta calidad de manera rentable.<\/h3>\n<div class=\"link\"><a href=\"?page_id=854\">SABER M\u00c1S<\/a><\/div>\n<\/div>\n<\/div>\n<div class=\"clear\"><\/div>\n<\/div>\n<div class=\"businessrow4\">\n<div class=\"businessleft\">\n<div class=\"businesstext\">\n<h2>Productos Qu\u00edmicos A Granel e Intermediarios<\/h2>\n<h3>Bulk Chemicals and Intermediates aspira a suministrar productos qu\u00edmicos a granel a otras Empresas de Atul de manera rentable y crecer en el grupo de productos intermedios.<\/h3>\n<div class=\"link\"><a href=\"?page_id=861\">SABER M\u00c1S<\/a><\/div>\n<\/div>\n<\/div>\n<div class=\"businessright\">\n<div class=\"bulk-chemicals-main\"><\/div>\n<\/div>\n<div class=\"clear\"><\/div>\n<\/div>\n<div class=\"businessrow3\">\n<div class=\"businessleft\">\n<div class=\"colors-main\"><\/div>\n<\/div>\n<div class=\"businessright\">\n<div class=\"businesstext\">\n<h2>Colores<\/h2>\n<h3>Colours aspira a ser un proveedor mundial fiable de los colorantes necesarios para las diferentes facetas de la vida humana. Sus productos tendr\u00e1n aplicaci\u00f3n en las industrias de Colorantes, El\u00e9ctricos y Electr\u00f3nicos, Alimentos, Empaques, Pinturas y Recubrimientos, Papel, Cuidado Personal, Farmac\u00e9utica y Textil.<\/h3>\n<div class=\"link\"><a href=\"?page_id=198\">SABER M\u00c1S<\/a><\/div>\n<\/div>\n<\/div>\n<div class=\"clear\"><\/div>\n<\/div>\n<div class=\"businessrow4\">\n<div class=\"businessleft\">\n<div class=\"businesstext\">\n<h2>Protecci\u00f3n de Cultivos y Productos Qu\u00edmicos A Granel<\/h2>\n<h3>Crop Protection aspira a estar en el negocio de servir las necesidades crecientes de alimentos y fibra. Aprovechar\u00e1 su experiencia en qu\u00edmica y proporcionar\u00e1 soluciones agr\u00edcolas para crear rendimientos exuberantes y se esforzar\u00e1 por fortalecer las relaciones con los agricultores de todo el mundo.<\/h3>\n<div class=\"link\"><a href=\"?page_id=867\">SABER M\u00c1S<\/a><\/div>\n<\/div>\n<\/div>\n<div class=\"businessright\">\n<div class=\"cp-bulk-main\"><\/div>\n<\/div>\n<div class=\"clear\"><\/div>\n<\/div>\n<div class=\"businessrow3\">\n<div class=\"businessleft\">\n<div class=\"cp-brands-main\"><\/div>\n<\/div>\n<div class=\"businessright\">\n<div class=\"businesstext\">\n<h2>Venta Minorista de Protecci\u00f3n de Cultivos<\/h2>\n<h3>Crop Protection aspira a estar en el negocio de servir las necesidades crecientes de alimentos y fibra. Aprovechar\u00e1 su experiencia en qu\u00edmica y proporcionar\u00e1 soluciones agr\u00edcolas para crear rendimientos exuberantes y se esforzar\u00e1 por fortalecer las relaciones con los agricultores de todo el mundo.<\/h3>\n<div class=\"link\"><a href=\"?page_id=873\">SABER M\u00c1S<\/a><\/div>\n<\/div>\n<\/div>\n<div class=\"clear\"><\/div>\n<\/div>\n<div class=\"businessrow4\">\n<div class=\"businessleft\">\n<div class=\"businesstext\">\n<h2>Flora<\/h2>\n<h3>Floras aspira a ser un proveedor fiable de material de cultivo de tejidos de alta calidad. Fomentar\u00e1 el cultivo cient\u00edfico de las cosechas y contribuir\u00e1 a mejorar la econom\u00eda y la ecolog\u00eda de las regiones \u00e1ridas.<\/h3>\n<div class=\"link\"><a href=\"?page_id=879\">SABER M\u00c1S<\/a><\/div>\n<\/div>\n<\/div>\n<div class=\"businessright\">\n<div class=\"floras-main\"><\/div>\n<\/div>\n<div class=\"clear\"><\/div>\n<\/div>\n<div class=\"businessrow3\">\n<div class=\"businessleft\">\n<div class=\"pharma-main\"><\/div>\n<\/div>\n<div class=\"businessright\">\n<div class=\"businesstext\">\n<h2>Farmac\u00e9uticos e Intermediarios<\/h2>\n<h3>Pharmaceuticals and Intermediates aspira contribuir al bienestar de la humanidad atendiendo las crecientes necesidades de la industria Farmac\u00e9utica. Suministrar\u00e1 intermedios y API de manera rentable utilizando tecnolog\u00edas novedosas.<\/h3>\n<div class=\"link\"><a href=\"?page_id=885\">SABER M\u00c1S<\/a><\/div>\n<\/div>\n<\/div>\n<div class=\"clear\"><\/div>\n<\/div>\n<div class=\"businessrow4\">\n<div class=\"businessleft\">\n<div class=\"businesstext popm\">\n<h2>Polimeros (Material de Alto Rendimiento)<\/h2>\n<h3>Polymers Performance Materials aspira a ofrecer los mejores sistemas epox\u00eddicos de su clase ( Resinas, Agentes de Curado, Diluyentes Reactivos) y soluciones innovadoras para las industrias de Adhesivos, Compuestos, Construcci\u00f3n, El\u00e9ctrica y Electr\u00f3nica, Pintura y Recubrimientos en todo el mundo. Los productos epox\u00eddicos se comercializan bajo la marca &#8220;Lapox\u00ae&#8221;.<br \/>\n<\/h3>\n<div class=\"link\"><a href=\"?page_id=891\">SABER M\u00c1S<\/a><\/div>\n<\/div>\n<\/div>\n<div class=\"businessright\">\n<div class=\"polymer-performance-main\"><\/div>\n<\/div>\n<div class=\"clear\"><\/div>\n<\/div>\n<div class=\"businessrow3\">\n<div class=\"businessleft\">\n<div class=\"polymer-retail-main\"><\/div>\n<\/div>\n<div class=\"businessright\">\n<div class=\"businesstext polymer_ratail\">\n<h2>Polymers Venta al por menor<\/h2>\n<h3>Atul es pionera en la fabricaci\u00f3n de resinas epox\u00eddicas en la India. La Compa\u00f1\u00eda es uno de los mayores fabricantes de resinas y endurecedores epox\u00eddicos del pa\u00eds. Los productos epox\u00eddicos se comercializan y venden bajo la marca Lapox\u00ae y los de caucho sint\u00e9tico y adhesivos a base de PU bajo la marca Polygrip\u00ae. Recientemente ha lanzado una nueva gama de productos de mantenimiento bajo la marca Lacare\u00ae para aplicaciones automovil\u00edsticas, industriales y dom\u00e9sticas.<br \/>\n<\/h3>\n<div class=\"link\"><a href=\"?page_id=897\">SABER M\u00c1S<\/a><\/div>\n<\/div>\n<\/div>\n<div class=\"clear\"><\/div>\n<\/div>\n<\/div>\n<\/div>\n<div class=\"mobile\">\n<ul class=\"gridlayout1\">\n<li><a href=\"?page_id=854\"><img loading=\"lazy\" decoding=\"async\" class=\"aligncenter size-full wp-image-23\" src=\"https:\/\/www.atul.co.in\/spanish\/wp-content\/uploads\/home-aromatics.jpg\" alt=\"\" width=\"800\" height=\"385\" srcset=\"https:\/\/www.atul.co.in\/spanish\/wp-content\/uploads\/home-aromatics.jpg 800w, https:\/\/www.atul.co.in\/spanish\/wp-content\/uploads\/home-aromatics-768x370.jpg 768w\" sizes=\"auto, (max-width: 800px) 100vw, 800px\" \/>\n<div>\n<h3>Compuestos Arom\u00e1ticos<\/h3>\n<\/div>\n<p><\/a><\/li>\n<li><a href=\"?page_id=861\"><img loading=\"lazy\" decoding=\"async\" class=\"aligncenter size-full wp-image-24\" src=\"https:\/\/www.atul.co.in\/spanish\/wp-content\/uploads\/home-bulk.jpg\" alt=\"\" width=\"800\" height=\"385\" srcset=\"https:\/\/www.atul.co.in\/spanish\/wp-content\/uploads\/home-bulk.jpg 800w, https:\/\/www.atul.co.in\/spanish\/wp-content\/uploads\/home-bulk-768x370.jpg 768w\" sizes=\"auto, (max-width: 800px) 100vw, 800px\" \/>\n<div>\n<h3>Productos Qu\u00edmicos A Granel e Intermediarios<\/h3>\n<\/div>\n<p><\/a><\/li>\n<li><a href=\"?page_id=198\"><img loading=\"lazy\" decoding=\"async\" class=\"aligncenter size-full wp-image-25\" src=\"https:\/\/www.atul.co.in\/spanish\/wp-content\/uploads\/home-colors.jpg\" alt=\"\" width=\"800\" height=\"385\" srcset=\"https:\/\/www.atul.co.in\/spanish\/wp-content\/uploads\/home-colors.jpg 800w, https:\/\/www.atul.co.in\/spanish\/wp-content\/uploads\/home-colors-768x370.jpg 768w\" sizes=\"auto, (max-width: 800px) 100vw, 800px\" \/>\n<div>\n<h3>Colors<\/h3>\n<\/div>\n<p><\/a><\/li>\n<li><a href=\"?page_id=867\"><img loading=\"lazy\" decoding=\"async\" class=\"aligncenter size-full wp-image-26\" src=\"https:\/\/www.atul.co.in\/spanish\/wp-content\/uploads\/home-crop-protection-bulk.jpg\" alt=\"\" width=\"800\" height=\"385\" \/>\n<div>\n<h3>Protecci\u00f3n de Cultivos y Productos Qu\u00edmicos A Granel<\/h3>\n<\/div>\n<p><\/a><\/li>\n<li><a href=\"?page_id=873\"><img loading=\"lazy\" decoding=\"async\" class=\"aligncenter size-full wp-image-27\" src=\"https:\/\/www.atul.co.in\/spanish\/wp-content\/uploads\/home-floras.jpg\" alt=\"\" width=\"800\" height=\"385\" \/>\n<div>\n<h3>Venta Minorista de Protecci\u00f3n de Cultivos<\/h3>\n<\/div>\n<p><\/a><\/li>\n<li><a href=\"?page_id=879\"><img loading=\"lazy\" decoding=\"async\" class=\"aligncenter size-full wp-image-28\" src=\"https:\/\/www.atul.co.in\/spanish\/wp-content\/uploads\/home-crop-protection-retail.jpg\" alt=\"\" width=\"800\" height=\"385\" srcset=\"https:\/\/www.atul.co.in\/spanish\/wp-content\/uploads\/home-crop-protection-retail.jpg 800w, https:\/\/www.atul.co.in\/spanish\/wp-content\/uploads\/home-crop-protection-retail-768x370.jpg 768w\" sizes=\"auto, (max-width: 800px) 100vw, 800px\" \/>\n<div>\n<h3>Flora<\/h3>\n<\/div>\n<p><\/a><\/li>\n<li><a href=\"?page_id=885\"><img loading=\"lazy\" decoding=\"async\" class=\"aligncenter size-full wp-image-29\" src=\"https:\/\/www.atul.co.in\/spanish\/wp-content\/uploads\/home-pharma.jpg\" alt=\"\" width=\"800\" height=\"385\" srcset=\"https:\/\/www.atul.co.in\/spanish\/wp-content\/uploads\/home-pharma.jpg 800w, https:\/\/www.atul.co.in\/spanish\/wp-content\/uploads\/home-pharma-768x370.jpg 768w\" sizes=\"auto, (max-width: 800px) 100vw, 800px\" \/>\n<div>\n<h3>Farmac\u00e9uticos e Intermediarios<\/h3>\n<\/div>\n<p><\/a><\/li>\n<li><a href=\"?page_id=891\"><img loading=\"lazy\" decoding=\"async\" class=\"aligncenter size-full wp-image-30\" src=\"https:\/\/www.atul.co.in\/spanish\/wp-content\/uploads\/home-polymers-material.jpg\" alt=\"\" width=\"800\" height=\"385\" srcset=\"https:\/\/www.atul.co.in\/spanish\/wp-content\/uploads\/home-polymers-material.jpg 800w, https:\/\/www.atul.co.in\/spanish\/wp-content\/uploads\/home-polymers-material-768x370.jpg 768w\" sizes=\"auto, (max-width: 800px) 100vw, 800px\" \/>\n<div>\n<h3>Polimeros (Material de Alto REndimiento)<\/h3>\n<\/div>\n<p><\/a><\/li>\n<li><a href=\"?page_id=897\"><img loading=\"lazy\" decoding=\"async\" class=\"aligncenter size-full wp-image-31\" src=\"https:\/\/www.atul.co.in\/spanish\/wp-content\/uploads\/home-polymers-retail.jpg\" alt=\"\" width=\"800\" height=\"385\" srcset=\"https:\/\/www.atul.co.in\/spanish\/wp-content\/uploads\/home-polymers-retail.jpg 800w, https:\/\/www.atul.co.in\/spanish\/wp-content\/uploads\/home-polymers-retail-768x370.jpg 768w\" sizes=\"auto, (max-width: 800px) 100vw, 800px\" \/>\n<div>\n<h3>Polymers Venta al por menor<\/h3>\n<\/div>\n<p><\/a><\/li>\n<\/ul>\n<\/div>\n","protected":false},"excerpt":{"rendered":"<p>Atul es una de las mayores empresas qu\u00edmicas integradas de la India. Compuestos Arom\u00e1ticos Aromatics pretende ser un negocio de clase mundial, ofreciendo a sus clientes de Cuidado Personal y otras industrias elegidas productos y servicios de alta calidad de<span class=\"ellipsis\">&hellip;<\/span><\/p>\n<div class=\"read-more\"><a href=\"https:\/\/www.atul.co.in\/spanish\/businesses\">Read more &#8250;<\/a><\/div>\n<p><!-- end of .read-more --><\/p>\n","protected":false},"author":1,"featured_media":6540,"parent":0,"menu_order":0,"comment_status":"closed","ping_status":"closed","template":"full-width-page.php","meta":{"_acf_changed":false,"footnotes":"","_links_to":"","_links_to_target":""},"class_list":["post-1008","page","type-page","status-publish","has-post-thumbnail","hentry"],"acf":[],"yoast_head":"<!-- This site is optimized with the Yoast SEO plugin v26.8 - https:\/\/yoast.com\/product\/yoast-seo-wordpress\/ -->\n<title>Empresas | Atul<\/title>\n<meta name=\"robots\" content=\"index, follow, max-snippet:-1, max-image-preview:large, max-video-preview:-1\" \/>\n<link rel=\"canonical\" href=\"http:\/\/13.127.36.189\/spanish\/businesses\/\" \/>\n<meta property=\"og:locale\" content=\"en_US\" \/>\n<meta property=\"og:type\" content=\"article\" \/>\n<meta property=\"og:title\" content=\"Empresas | Atul\" \/>\n<meta property=\"og:description\" content=\"Atul es una de las mayores empresas qu\u00edmicas integradas de la India. Compuestos Arom\u00e1ticos Aromatics pretende ser un negocio de clase mundial, ofreciendo a sus clientes de Cuidado Personal y otras industrias elegidas productos y servicios de alta calidad de&hellip;Read more &#8250;\" \/>\n<meta property=\"og:url\" content=\"http:\/\/13.127.36.189\/spanish\/businesses\/\" \/>\n<meta property=\"og:site_name\" content=\"Atul Ltd\" \/>\n<meta property=\"article:modified_time\" content=\"2020-06-17T08:56:52+00:00\" \/>\n<meta property=\"og:image\" content=\"http:\/\/13.127.36.189\/spanish\/wp-content\/uploads\/2020\/01\/Business_banner-new-1-1.png\" \/>\n\t<meta property=\"og:image:width\" content=\"1250\" \/>\n\t<meta property=\"og:image:height\" content=\"335\" \/>\n\t<meta property=\"og:image:type\" content=\"image\/png\" \/>\n<meta name=\"twitter:card\" content=\"summary_large_image\" \/>\n<meta name=\"twitter:label1\" content=\"Est. reading time\" \/>\n\t<meta name=\"twitter:data1\" content=\"3 minutes\" \/>\n<script type=\"application\/ld+json\" class=\"yoast-schema-graph\">{\"@context\":\"https:\/\/schema.org\",\"@graph\":[{\"@type\":\"WebPage\",\"@id\":\"http:\/\/13.127.36.189\/spanish\/businesses\/\",\"url\":\"http:\/\/13.127.36.189\/spanish\/businesses\/\",\"name\":\"Empresas | Atul\",\"isPartOf\":{\"@id\":\"http:\/\/13.127.36.189\/spanish\/#website\"},\"primaryImageOfPage\":{\"@id\":\"http:\/\/13.127.36.189\/spanish\/businesses\/#primaryimage\"},\"image\":{\"@id\":\"http:\/\/13.127.36.189\/spanish\/businesses\/#primaryimage\"},\"thumbnailUrl\":\"https:\/\/www.atul.co.in\/spanish\/wp-content\/uploads\/2020\/01\/Business_banner-new-1-1.png\",\"datePublished\":\"2017-02-16T12:50:14+00:00\",\"dateModified\":\"2020-06-17T08:56:52+00:00\",\"breadcrumb\":{\"@id\":\"http:\/\/13.127.36.189\/spanish\/businesses\/#breadcrumb\"},\"inLanguage\":\"en-US\",\"potentialAction\":[{\"@type\":\"ReadAction\",\"target\":[\"http:\/\/13.127.36.189\/spanish\/businesses\/\"]}]},{\"@type\":\"ImageObject\",\"inLanguage\":\"en-US\",\"@id\":\"http:\/\/13.127.36.189\/spanish\/businesses\/#primaryimage\",\"url\":\"https:\/\/www.atul.co.in\/spanish\/wp-content\/uploads\/2020\/01\/Business_banner-new-1-1.png\",\"contentUrl\":\"https:\/\/www.atul.co.in\/spanish\/wp-content\/uploads\/2020\/01\/Business_banner-new-1-1.png\",\"width\":1250,\"height\":335},{\"@type\":\"BreadcrumbList\",\"@id\":\"http:\/\/13.127.36.189\/spanish\/businesses\/#breadcrumb\",\"itemListElement\":[{\"@type\":\"ListItem\",\"position\":1,\"name\":\"Home\",\"item\":\"https:\/\/www.atul.co.in\/spanish\/\"},{\"@type\":\"ListItem\",\"position\":2,\"name\":\"Empresas\"}]},{\"@type\":\"WebSite\",\"@id\":\"http:\/\/13.127.36.189\/spanish\/#website\",\"url\":\"http:\/\/13.127.36.189\/spanish\/\",\"name\":\"Atul Ltd\",\"description\":\"\",\"potentialAction\":[{\"@type\":\"SearchAction\",\"target\":{\"@type\":\"EntryPoint\",\"urlTemplate\":\"http:\/\/13.127.36.189\/spanish\/?s={search_term_string}\"},\"query-input\":{\"@type\":\"PropertyValueSpecification\",\"valueRequired\":true,\"valueName\":\"search_term_string\"}}],\"inLanguage\":\"en-US\"}]}<\/script>\n<!-- \/ Yoast SEO plugin. -->","yoast_head_json":{"title":"Empresas | Atul","robots":{"index":"index","follow":"follow","max-snippet":"max-snippet:-1","max-image-preview":"max-image-preview:large","max-video-preview":"max-video-preview:-1"},"canonical":"http:\/\/13.127.36.189\/spanish\/businesses\/","og_locale":"en_US","og_type":"article","og_title":"Empresas | Atul","og_description":"Atul es una de las mayores empresas qu\u00edmicas integradas de la India. Compuestos Arom\u00e1ticos Aromatics pretende ser un negocio de clase mundial, ofreciendo a sus clientes de Cuidado Personal y otras industrias elegidas productos y servicios de alta calidad de&hellip;Read more &#8250;","og_url":"http:\/\/13.127.36.189\/spanish\/businesses\/","og_site_name":"Atul Ltd","article_modified_time":"2020-06-17T08:56:52+00:00","og_image":[{"width":1250,"height":335,"url":"http:\/\/13.127.36.189\/spanish\/wp-content\/uploads\/2020\/01\/Business_banner-new-1-1.png","type":"image\/png"}],"twitter_card":"summary_large_image","twitter_misc":{"Est. reading time":"3 minutes"},"schema":{"@context":"https:\/\/schema.org","@graph":[{"@type":"WebPage","@id":"http:\/\/13.127.36.189\/spanish\/businesses\/","url":"http:\/\/13.127.36.189\/spanish\/businesses\/","name":"Empresas | Atul","isPartOf":{"@id":"http:\/\/13.127.36.189\/spanish\/#website"},"primaryImageOfPage":{"@id":"http:\/\/13.127.36.189\/spanish\/businesses\/#primaryimage"},"image":{"@id":"http:\/\/13.127.36.189\/spanish\/businesses\/#primaryimage"},"thumbnailUrl":"https:\/\/www.atul.co.in\/spanish\/wp-content\/uploads\/2020\/01\/Business_banner-new-1-1.png","datePublished":"2017-02-16T12:50:14+00:00","dateModified":"2020-06-17T08:56:52+00:00","breadcrumb":{"@id":"http:\/\/13.127.36.189\/spanish\/businesses\/#breadcrumb"},"inLanguage":"en-US","potentialAction":[{"@type":"ReadAction","target":["http:\/\/13.127.36.189\/spanish\/businesses\/"]}]},{"@type":"ImageObject","inLanguage":"en-US","@id":"http:\/\/13.127.36.189\/spanish\/businesses\/#primaryimage","url":"https:\/\/www.atul.co.in\/spanish\/wp-content\/uploads\/2020\/01\/Business_banner-new-1-1.png","contentUrl":"https:\/\/www.atul.co.in\/spanish\/wp-content\/uploads\/2020\/01\/Business_banner-new-1-1.png","width":1250,"height":335},{"@type":"BreadcrumbList","@id":"http:\/\/13.127.36.189\/spanish\/businesses\/#breadcrumb","itemListElement":[{"@type":"ListItem","position":1,"name":"Home","item":"https:\/\/www.atul.co.in\/spanish\/"},{"@type":"ListItem","position":2,"name":"Empresas"}]},{"@type":"WebSite","@id":"http:\/\/13.127.36.189\/spanish\/#website","url":"http:\/\/13.127.36.189\/spanish\/","name":"Atul Ltd","description":"","potentialAction":[{"@type":"SearchAction","target":{"@type":"EntryPoint","urlTemplate":"http:\/\/13.127.36.189\/spanish\/?s={search_term_string}"},"query-input":{"@type":"PropertyValueSpecification","valueRequired":true,"valueName":"search_term_string"}}],"inLanguage":"en-US"}]}},"_links":{"self":[{"href":"https:\/\/www.atul.co.in\/spanish\/wp-json\/wp\/v2\/pages\/1008","targetHints":{"allow":["GET"]}}],"collection":[{"href":"https:\/\/www.atul.co.in\/spanish\/wp-json\/wp\/v2\/pages"}],"about":[{"href":"https:\/\/www.atul.co.in\/spanish\/wp-json\/wp\/v2\/types\/page"}],"author":[{"embeddable":true,"href":"https:\/\/www.atul.co.in\/spanish\/wp-json\/wp\/v2\/users\/1"}],"replies":[{"embeddable":true,"href":"https:\/\/www.atul.co.in\/spanish\/wp-json\/wp\/v2\/comments?post=1008"}],"version-history":[{"count":0,"href":"https:\/\/www.atul.co.in\/spanish\/wp-json\/wp\/v2\/pages\/1008\/revisions"}],"wp:featuredmedia":[{"embeddable":true,"href":"https:\/\/www.atul.co.in\/spanish\/wp-json\/wp\/v2\/media\/6540"}],"wp:attachment":[{"href":"https:\/\/www.atul.co.in\/spanish\/wp-json\/wp\/v2\/media?parent=1008"}],"curies":[{"name":"wp","href":"https:\/\/api.w.org\/{rel}","templated":true}]}}