{"id":111,"date":"2017-01-19T13:37:01","date_gmt":"2017-01-19T13:37:01","guid":{"rendered":"http:\/\/43.242.212.212\/~atulco\/?page_id=111"},"modified":"2025-02-08T14:09:56","modified_gmt":"2025-02-08T08:39:56","slug":"aboutpurpose-values","status":"publish","type":"page","link":"https:\/\/www.atul.co.in\/spanish\/about\/purpose-values\/","title":{"rendered":"Proposito y Valores"},"content":{"rendered":"<div class=\"values\">\n<div class=\"container\">\n<div class=\"text1\"> Atul es una compa\u00f1ia con un legado privilegiado tanto en t\u00e9rminos de negocios como de personas, poniendo su \u00e9nfasis en sus principales 5 Valores.<br \/>La Compa\u00f1ia cree en que existe una sinergia \u00fanica entre los objetivos comerciales y valores. <\/div>\n<div class=\"sep\"><\/div>\n<div class=\"purpose-values\">\n<div class='content-column one_half'><div class=\"spaceright\">\n<h2>Crecimiento con Prop\u00f3sito<\/h2>\n<p>Estamos comprometidos en aumentar significativamente el valor para nuestras partes interesadas mediante:<\/p>\n<ul class=\"bullets1\">\n<li>fomentando un esp\u00edritu de continuo aprendizaje e innovaci\u00f3n<\/li>\n<li>adoptando avances en ciencia y tecnolog\u00eda<\/li>\n<li>proporcionando productos y servicios de alta calidad, convirti\u00e9ndonos as\u00ed en el socio preferido<\/li>\n<li>teniendo un personal el cual practica los Valores y ejemplifica los altos est\u00e1ndares de comportamiento<\/li>\n<li>buscando un crecimiento sostenido y din\u00e1mico y asegurando el \u00e9xito a largo plazo<\/li>\n<li>teniendo un cuidado responsable del medio ambiente que nos rodea<\/li>\n<li>mejorando la calidad de vida en las comunidades donde operamos<\/li>\n<\/ul>\n<div class=\"clear\"><\/div>\n<div class=\"space20\"><\/div>\n<\/div><\/div>\n<div class='content-column one_half last_column'><div class=\"spaceleft\">\n<h2>Basados en Valores<\/h2>\n<p>El nombre \u2018Atul\u2019 es un activo \u00fanico, el cual, junto con otros, representa una rica herencia de Valores. En un ambiente donde el cambio es una forma de vida, la continuidad de los Valores es fundamental para nosotros. Por lo tanto, hemos formalizado Valores esenciales y estamos comprometidos en institucionalizarlos. Trataremos de crear un entorno en el que estos Valores se practiquen y se nutran de forma consistente y nos aseguraremos de que no solo est\u00e9n comprometidos en obtener beneficios a corto plazo.<\/p>\n<div class=\"space10\"><\/div>\n<p><!--div class=\"downloadbooklet\"><a href=\"https:\/\/www.atul.co.in\/spanish\/wp-content\/uploads\/values_at_atul.pdf\" target=\"_blank\" rel=\"noopener\"><center><img loading=\"lazy\" decoding=\"async\" src=\"https:\/\/www.atul.co.in\/spanish\/wp-content\/uploads\/booklet-2.png\" alt=\"\" width=\"150\" height=\"166\" class=\"aligncenter size-full wp-image-3908\" srcset=\"https:\/\/www.atul.co.in\/spanish\/wp-content\/uploads\/booklet-2.png 150w, https:\/\/www.atul.co.in\/spanish\/wp-content\/uploads\/booklet-2-60x66.png 60w\" sizes=\"auto, (max-width: 150px) 100vw, 150px\" \/><\/center><\/a><\/div-->\n<div class=\"space20\"><\/div>\n<\/div><\/div><div class='clear_column'><\/div><\/div>\n<\/div>\n<div class=\"values-slider-wrapper\">\n<div class=\"title\">Valores que nos gu\u00edan<\/div>\n<div class=\"values-slider\">\n<div class=\"container\">\n<div class=\"desktop\"><\/div>\n<div class=\"mobile\"><\/div>\n<\/div>\n<\/div>\n<\/div>\n<\/div>\n","protected":false},"excerpt":{"rendered":"<p>Atul es una compa\u00f1ia con un legado privilegiado tanto en t\u00e9rminos de negocios como de personas, poniendo su \u00e9nfasis en sus principales 5 Valores.La Compa\u00f1ia cree en que existe una sinergia \u00fanica entre los objetivos comerciales y valores. Valores que<span class=\"ellipsis\">&hellip;<\/span><\/p>\n<div class=\"read-more\"><a href=\"https:\/\/www.atul.co.in\/spanish\/about\/purpose-values\/\">Read more &#8250;<\/a><\/div>\n<p><!-- end of .read-more --><\/p>\n","protected":false},"author":1,"featured_media":5743,"parent":47,"menu_order":0,"comment_status":"closed","ping_status":"closed","template":"full-width-page.php","meta":{"_acf_changed":false,"footnotes":"","_links_to":"","_links_to_target":""},"class_list":["post-111","page","type-page","status-publish","has-post-thumbnail","hentry"],"acf":[],"yoast_head":"<!-- This site is optimized with the Yoast SEO plugin v26.8 - https:\/\/yoast.com\/product\/yoast-seo-wordpress\/ -->\n<title>Proposito y Valores | Atul<\/title>\n<meta name=\"robots\" content=\"index, follow, max-snippet:-1, max-image-preview:large, max-video-preview:-1\" \/>\n<link rel=\"canonical\" href=\"http:\/\/13.127.36.189\/spanish\/about\/purpose-values\/\" \/>\n<meta property=\"og:locale\" content=\"en_US\" \/>\n<meta property=\"og:type\" content=\"article\" \/>\n<meta property=\"og:title\" content=\"Proposito y Valores | Atul\" \/>\n<meta property=\"og:description\" content=\"Atul es una compa\u00f1ia con un legado privilegiado tanto en t\u00e9rminos de negocios como de personas, poniendo su \u00e9nfasis en sus principales 5 Valores.La Compa\u00f1ia cree en que existe una sinergia \u00fanica entre los objetivos comerciales y valores. Valores que&hellip;Read more &#8250;\" \/>\n<meta property=\"og:url\" content=\"http:\/\/13.127.36.189\/spanish\/about\/purpose-values\/\" \/>\n<meta property=\"og:site_name\" content=\"Atul Ltd\" \/>\n<meta property=\"article:modified_time\" content=\"2025-02-08T08:39:56+00:00\" \/>\n<meta property=\"og:image\" content=\"http:\/\/13.127.36.189\/spanish\/wp-content\/uploads\/2017\/01\/purpose-and-values-banner.jpg\" \/>\n\t<meta property=\"og:image:width\" content=\"1250\" \/>\n\t<meta property=\"og:image:height\" content=\"335\" \/>\n\t<meta property=\"og:image:type\" content=\"image\/jpeg\" \/>\n<meta name=\"twitter:card\" content=\"summary_large_image\" \/>\n<meta name=\"twitter:label1\" content=\"Est. reading time\" \/>\n\t<meta name=\"twitter:data1\" content=\"2 minutes\" \/>\n<script type=\"application\/ld+json\" class=\"yoast-schema-graph\">{\"@context\":\"https:\/\/schema.org\",\"@graph\":[{\"@type\":\"WebPage\",\"@id\":\"http:\/\/13.127.36.189\/spanish\/about\/purpose-values\/\",\"url\":\"http:\/\/13.127.36.189\/spanish\/about\/purpose-values\/\",\"name\":\"Proposito y Valores | Atul\",\"isPartOf\":{\"@id\":\"http:\/\/13.127.36.189\/spanish\/#website\"},\"primaryImageOfPage\":{\"@id\":\"http:\/\/13.127.36.189\/spanish\/about\/purpose-values\/#primaryimage\"},\"image\":{\"@id\":\"http:\/\/13.127.36.189\/spanish\/about\/purpose-values\/#primaryimage\"},\"thumbnailUrl\":\"https:\/\/www.atul.co.in\/spanish\/wp-content\/uploads\/2017\/01\/purpose-and-values-banner.jpg\",\"datePublished\":\"2017-01-19T13:37:01+00:00\",\"dateModified\":\"2025-02-08T08:39:56+00:00\",\"breadcrumb\":{\"@id\":\"http:\/\/13.127.36.189\/spanish\/about\/purpose-values\/#breadcrumb\"},\"inLanguage\":\"en-US\",\"potentialAction\":[{\"@type\":\"ReadAction\",\"target\":[\"http:\/\/13.127.36.189\/spanish\/about\/purpose-values\/\"]}]},{\"@type\":\"ImageObject\",\"inLanguage\":\"en-US\",\"@id\":\"http:\/\/13.127.36.189\/spanish\/about\/purpose-values\/#primaryimage\",\"url\":\"https:\/\/www.atul.co.in\/spanish\/wp-content\/uploads\/2017\/01\/purpose-and-values-banner.jpg\",\"contentUrl\":\"https:\/\/www.atul.co.in\/spanish\/wp-content\/uploads\/2017\/01\/purpose-and-values-banner.jpg\",\"width\":1250,\"height\":335},{\"@type\":\"BreadcrumbList\",\"@id\":\"http:\/\/13.127.36.189\/spanish\/about\/purpose-values\/#breadcrumb\",\"itemListElement\":[{\"@type\":\"ListItem\",\"position\":1,\"name\":\"Home\",\"item\":\"https:\/\/www.atul.co.in\/spanish\/\"},{\"@type\":\"ListItem\",\"position\":2,\"name\":\"Acerca de\",\"item\":\"http:\/\/13.127.36.189\/spanish\/about\/\"},{\"@type\":\"ListItem\",\"position\":3,\"name\":\"Proposito y Valores\"}]},{\"@type\":\"WebSite\",\"@id\":\"http:\/\/13.127.36.189\/spanish\/#website\",\"url\":\"http:\/\/13.127.36.189\/spanish\/\",\"name\":\"Atul Ltd\",\"description\":\"\",\"potentialAction\":[{\"@type\":\"SearchAction\",\"target\":{\"@type\":\"EntryPoint\",\"urlTemplate\":\"http:\/\/13.127.36.189\/spanish\/?s={search_term_string}\"},\"query-input\":{\"@type\":\"PropertyValueSpecification\",\"valueRequired\":true,\"valueName\":\"search_term_string\"}}],\"inLanguage\":\"en-US\"}]}<\/script>\n<!-- \/ Yoast SEO plugin. -->","yoast_head_json":{"title":"Proposito y Valores | Atul","robots":{"index":"index","follow":"follow","max-snippet":"max-snippet:-1","max-image-preview":"max-image-preview:large","max-video-preview":"max-video-preview:-1"},"canonical":"http:\/\/13.127.36.189\/spanish\/about\/purpose-values\/","og_locale":"en_US","og_type":"article","og_title":"Proposito y Valores | Atul","og_description":"Atul es una compa\u00f1ia con un legado privilegiado tanto en t\u00e9rminos de negocios como de personas, poniendo su \u00e9nfasis en sus principales 5 Valores.La Compa\u00f1ia cree en que existe una sinergia \u00fanica entre los objetivos comerciales y valores. Valores que&hellip;Read more &#8250;","og_url":"http:\/\/13.127.36.189\/spanish\/about\/purpose-values\/","og_site_name":"Atul Ltd","article_modified_time":"2025-02-08T08:39:56+00:00","og_image":[{"width":1250,"height":335,"url":"http:\/\/13.127.36.189\/spanish\/wp-content\/uploads\/2017\/01\/purpose-and-values-banner.jpg","type":"image\/jpeg"}],"twitter_card":"summary_large_image","twitter_misc":{"Est. reading time":"2 minutes"},"schema":{"@context":"https:\/\/schema.org","@graph":[{"@type":"WebPage","@id":"http:\/\/13.127.36.189\/spanish\/about\/purpose-values\/","url":"http:\/\/13.127.36.189\/spanish\/about\/purpose-values\/","name":"Proposito y Valores | Atul","isPartOf":{"@id":"http:\/\/13.127.36.189\/spanish\/#website"},"primaryImageOfPage":{"@id":"http:\/\/13.127.36.189\/spanish\/about\/purpose-values\/#primaryimage"},"image":{"@id":"http:\/\/13.127.36.189\/spanish\/about\/purpose-values\/#primaryimage"},"thumbnailUrl":"https:\/\/www.atul.co.in\/spanish\/wp-content\/uploads\/2017\/01\/purpose-and-values-banner.jpg","datePublished":"2017-01-19T13:37:01+00:00","dateModified":"2025-02-08T08:39:56+00:00","breadcrumb":{"@id":"http:\/\/13.127.36.189\/spanish\/about\/purpose-values\/#breadcrumb"},"inLanguage":"en-US","potentialAction":[{"@type":"ReadAction","target":["http:\/\/13.127.36.189\/spanish\/about\/purpose-values\/"]}]},{"@type":"ImageObject","inLanguage":"en-US","@id":"http:\/\/13.127.36.189\/spanish\/about\/purpose-values\/#primaryimage","url":"https:\/\/www.atul.co.in\/spanish\/wp-content\/uploads\/2017\/01\/purpose-and-values-banner.jpg","contentUrl":"https:\/\/www.atul.co.in\/spanish\/wp-content\/uploads\/2017\/01\/purpose-and-values-banner.jpg","width":1250,"height":335},{"@type":"BreadcrumbList","@id":"http:\/\/13.127.36.189\/spanish\/about\/purpose-values\/#breadcrumb","itemListElement":[{"@type":"ListItem","position":1,"name":"Home","item":"https:\/\/www.atul.co.in\/spanish\/"},{"@type":"ListItem","position":2,"name":"Acerca de","item":"http:\/\/13.127.36.189\/spanish\/about\/"},{"@type":"ListItem","position":3,"name":"Proposito y Valores"}]},{"@type":"WebSite","@id":"http:\/\/13.127.36.189\/spanish\/#website","url":"http:\/\/13.127.36.189\/spanish\/","name":"Atul Ltd","description":"","potentialAction":[{"@type":"SearchAction","target":{"@type":"EntryPoint","urlTemplate":"http:\/\/13.127.36.189\/spanish\/?s={search_term_string}"},"query-input":{"@type":"PropertyValueSpecification","valueRequired":true,"valueName":"search_term_string"}}],"inLanguage":"en-US"}]}},"_links":{"self":[{"href":"https:\/\/www.atul.co.in\/spanish\/wp-json\/wp\/v2\/pages\/111","targetHints":{"allow":["GET"]}}],"collection":[{"href":"https:\/\/www.atul.co.in\/spanish\/wp-json\/wp\/v2\/pages"}],"about":[{"href":"https:\/\/www.atul.co.in\/spanish\/wp-json\/wp\/v2\/types\/page"}],"author":[{"embeddable":true,"href":"https:\/\/www.atul.co.in\/spanish\/wp-json\/wp\/v2\/users\/1"}],"replies":[{"embeddable":true,"href":"https:\/\/www.atul.co.in\/spanish\/wp-json\/wp\/v2\/comments?post=111"}],"version-history":[{"count":0,"href":"https:\/\/www.atul.co.in\/spanish\/wp-json\/wp\/v2\/pages\/111\/revisions"}],"up":[{"embeddable":true,"href":"https:\/\/www.atul.co.in\/spanish\/wp-json\/wp\/v2\/pages\/47"}],"wp:featuredmedia":[{"embeddable":true,"href":"https:\/\/www.atul.co.in\/spanish\/wp-json\/wp\/v2\/media\/5743"}],"wp:attachment":[{"href":"https:\/\/www.atul.co.in\/spanish\/wp-json\/wp\/v2\/media?parent=111"}],"curies":[{"name":"wp","href":"https:\/\/api.w.org\/{rel}","templated":true}]}}