{"id":1173,"date":"2017-03-09T15:21:20","date_gmt":"2017-03-09T15:21:20","guid":{"rendered":"http:\/\/43.242.212.212\/~atulco\/?page_id=1173"},"modified":"2020-06-11T11:24:52","modified_gmt":"2020-06-11T05:54:52","slug":"aromaticsabout","status":"publish","type":"page","link":"https:\/\/www.atul.co.in\/spanish\/aromatics\/about","title":{"rendered":"Compuestos Arom\u00e1ticos"},"content":{"rendered":"<div class=\"container\">\n<div class=\"about-text\" align=\"justify\">\n<p align=\"justify\">El Negocio de los Arom\u00e1ticos se estableci\u00f3 en 1988, con la fusi\u00f3n de Gujarat Aromatics Ltd y Atul. Gujarat Aromatics Ltd. era una empresa de un solo producto que fabricaba cresoles mixtos. Despu\u00e9s de la fusi\u00f3n, la empresa comenz\u00f3 a fabricar para Cresol y sus derivados. Tiene la distinci\u00f3n de fabricar por primera vez en la India <i>para<\/i> Cresol, aldeh\u00eddo <i>para<\/i> An\u00edsico y alcohol para An\u00edsico.<\/p>\n<p align=\"justify\">Las instalaciones de investigaci\u00f3n est\u00e1n situadas en Ankleshwar y Atul, Gujarat. Siendo actualizado continuamente, el Negocio tiene su instalaci\u00f3n de fabricaci\u00f3n en Ankleshwar. El sitio es 100% cero descarga de l\u00edquidos, un extenso sistema de tratamiento de efluentes que incluye una planta de \u00f3smosis inversa y un evaporador de efectos m\u00faltiples se establece para garantizar que el efluente l\u00edquido generado se recicla y se utiliza para la fabricaci\u00f3n de productos de valor a\u00f1adido. Si bien la mayor parte de esta agua tratada se reutiliza como materia prima en el proceso de fabricaci\u00f3n, parte de ella se utiliza tambi\u00e9n para la jardiner\u00eda y el riego.<\/p>\n<blockquote>\n<p align=\"justify\" style=\"font-size:17px;\"><em><span class=\"teal\">Con una cartera de 29 productos, Aromatics atiende a unos 400 clientes en 37 pa\u00edses. Los productos son utilizados principalmente por clientes pertenecientes a las industrias de Aditivos Qu\u00edmicos, Sabor y Fragancia, Cuidado Personal, Farmac\u00e9utica y Papel.<\/span><\/em><\/p>\n<\/blockquote>\n<p align=\"justify\">La Empresa est\u00e1 certificada por ISO 9001, ISO 14001 y FAMI-QS. Los productos clave de la Empresa est\u00e1n registrados en REACH.<\/p>\n<p align=\"justify\">El equipo est\u00e1 formado por unos 250 miembros.<\/p>\n<p><!--<a href=\"https:\/\/www.atul.co.in\/spanish\/wp-content\/uploads\/ISO-9000-Valid-Sept-2018.pdf\" target=\"_blank\"><img loading=\"lazy\" decoding=\"async\" src=\"https:\/\/www.atul.co.in\/spanish\/wp-content\/uploads\/2017\/02\/pdf.png\" onmouseover=\"this.src='https:\/\/www.atul.co.in\/spanish\/wp-content\/uploads\/2017\/03\/pdf-hover.png'\" onmouseout=\"this.src='https:\/\/www.atul.co.in\/spanish\/wp-content\/uploads\/2017\/02\/pdf.png'\" width=\"40\" height=\"40\" class=\"alignnone size-full wp-image-4659\"\/> ISO Certificate <\/a>--><\/p>\n<p><a href=\"https:\/\/www.atul.co.in\/spanish\/pdf\/aromatics\/ISO-9000.pdf\" target=\"_blank\" rel=\"noopener noreferrer\"><img loading=\"lazy\" decoding=\"async\" src=\"https:\/\/www.atul.co.in\/spanish\/wp-content\/uploads\/2020\/06\/certificate-pdf-portugese-1.png\" data-src=\"https:\/\/www.atul.co.in\/spanish\/wp-content\/uploads\/2020\/06\/certificate-pdf-portugese-1.png\" onmouseover=\"this.src='https:\/\/www.atul.co.in\/spanish\/wp-content\/uploads\/2020\/06\/certificate-pdf-portugese1.png'\" onmouseout=\"this.src='https:\/\/www.atul.co.in\/spanish\/wp-content\/uploads\/2020\/06\/certificate-pdf-portugese-1.png'\" width=\"101\" height=\"64\" class=\"alignnone size-full\"><\/a><a href=\"https:\/\/www.atul.co.in\/spanish\/pdf\/aromatics\/FAMIQS-certificate.pdf\" target=\"_blank\"><img loading=\"lazy\" decoding=\"async\" src=\"https:\/\/www.atul.co.in\/spanish\/wp-content\/uploads\/2020\/06\/fami-qs-3-8.png\" data-src=\"https:\/\/www.atul.co.in\/spanish\/wp-content\/uploads\/2020\/06\/fami-qs-3-8.png\" onmouseover=\"this.src='https:\/\/www.atul.co.in\/spanish\/wp-content\/uploads\/2020\/06\/fami-qs-3-81.png'\" onmouseout=\"this.src='https:\/\/www.atul.co.in\/spanish\/wp-content\/uploads\/2020\/06\/fami-qs-3-8.png'\" width=\"129\" height=\"64\" class=\"alignnone size-full\"><\/a><\/p>\n<\/div>\n<\/div>\n","protected":false},"excerpt":{"rendered":"<p>El Negocio de los Arom\u00e1ticos se estableci\u00f3 en 1988, con la fusi\u00f3n de Gujarat Aromatics Ltd y Atul. Gujarat Aromatics Ltd. era una empresa de un solo producto que fabricaba cresoles mixtos. Despu\u00e9s de la fusi\u00f3n, la empresa comenz\u00f3 a<span class=\"ellipsis\">&hellip;<\/span><\/p>\n<div class=\"read-more\"><a href=\"https:\/\/www.atul.co.in\/spanish\/aromatics\/about\">Read more &#8250;<\/a><\/div>\n<p><!-- end of .read-more --><\/p>\n","protected":false},"author":1,"featured_media":962,"parent":853,"menu_order":0,"comment_status":"closed","ping_status":"closed","template":"aromatics-microsite-pages.php","meta":{"_acf_changed":false,"footnotes":"","_links_to":"","_links_to_target":""},"class_list":["post-1173","page","type-page","status-publish","has-post-thumbnail","hentry"],"acf":[],"yoast_head":"<!-- This site is optimized with the Yoast SEO plugin v26.8 - https:\/\/yoast.com\/product\/yoast-seo-wordpress\/ -->\n<title>Acerca de Arom\u00e1ticos | Atul<\/title>\n<meta name=\"robots\" content=\"index, follow, max-snippet:-1, max-image-preview:large, max-video-preview:-1\" \/>\n<link rel=\"canonical\" href=\"http:\/\/13.127.36.189\/spanish\/aromatics\/about\/\" \/>\n<meta property=\"og:locale\" content=\"en_US\" \/>\n<meta property=\"og:type\" content=\"article\" \/>\n<meta property=\"og:title\" content=\"Acerca de Arom\u00e1ticos | Atul\" \/>\n<meta property=\"og:description\" content=\"El Negocio de los Arom\u00e1ticos se estableci\u00f3 en 1988, con la fusi\u00f3n de Gujarat Aromatics Ltd y Atul. Gujarat Aromatics Ltd. era una empresa de un solo producto que fabricaba cresoles mixtos. Despu\u00e9s de la fusi\u00f3n, la empresa comenz\u00f3 a&hellip;Read more &#8250;\" \/>\n<meta property=\"og:url\" content=\"http:\/\/13.127.36.189\/spanish\/aromatics\/about\/\" \/>\n<meta property=\"og:site_name\" content=\"Atul Ltd\" \/>\n<meta property=\"article:modified_time\" content=\"2020-06-11T05:54:52+00:00\" \/>\n<meta property=\"og:image\" content=\"http:\/\/13.127.36.189\/spanish\/wp-content\/uploads\/polymers-performance-materials.png\" \/>\n\t<meta property=\"og:image:width\" content=\"1246\" \/>\n\t<meta property=\"og:image:height\" content=\"400\" \/>\n\t<meta property=\"og:image:type\" content=\"image\/png\" \/>\n<meta name=\"twitter:card\" content=\"summary_large_image\" \/>\n<meta name=\"twitter:label1\" content=\"Est. reading time\" \/>\n\t<meta name=\"twitter:data1\" content=\"1 minute\" \/>\n<script type=\"application\/ld+json\" class=\"yoast-schema-graph\">{\"@context\":\"https:\/\/schema.org\",\"@graph\":[{\"@type\":\"WebPage\",\"@id\":\"http:\/\/13.127.36.189\/spanish\/aromatics\/about\/\",\"url\":\"http:\/\/13.127.36.189\/spanish\/aromatics\/about\/\",\"name\":\"Acerca de Arom\u00e1ticos | Atul\",\"isPartOf\":{\"@id\":\"http:\/\/13.127.36.189\/spanish\/#website\"},\"primaryImageOfPage\":{\"@id\":\"http:\/\/13.127.36.189\/spanish\/aromatics\/about\/#primaryimage\"},\"image\":{\"@id\":\"http:\/\/13.127.36.189\/spanish\/aromatics\/about\/#primaryimage\"},\"thumbnailUrl\":\"https:\/\/www.atul.co.in\/spanish\/wp-content\/uploads\/polymers-performance-materials.png\",\"datePublished\":\"2017-03-09T15:21:20+00:00\",\"dateModified\":\"2020-06-11T05:54:52+00:00\",\"breadcrumb\":{\"@id\":\"http:\/\/13.127.36.189\/spanish\/aromatics\/about\/#breadcrumb\"},\"inLanguage\":\"en-US\",\"potentialAction\":[{\"@type\":\"ReadAction\",\"target\":[\"http:\/\/13.127.36.189\/spanish\/aromatics\/about\/\"]}]},{\"@type\":\"ImageObject\",\"inLanguage\":\"en-US\",\"@id\":\"http:\/\/13.127.36.189\/spanish\/aromatics\/about\/#primaryimage\",\"url\":\"https:\/\/www.atul.co.in\/spanish\/wp-content\/uploads\/polymers-performance-materials.png\",\"contentUrl\":\"https:\/\/www.atul.co.in\/spanish\/wp-content\/uploads\/polymers-performance-materials.png\",\"width\":1246,\"height\":400},{\"@type\":\"BreadcrumbList\",\"@id\":\"http:\/\/13.127.36.189\/spanish\/aromatics\/about\/#breadcrumb\",\"itemListElement\":[{\"@type\":\"ListItem\",\"position\":1,\"name\":\"Home\",\"item\":\"https:\/\/www.atul.co.in\/spanish\/\"},{\"@type\":\"ListItem\",\"position\":2,\"name\":\"Aromatics\",\"item\":\"\/\"},{\"@type\":\"ListItem\",\"position\":3,\"name\":\"Compuestos Arom\u00e1ticos\"}]},{\"@type\":\"WebSite\",\"@id\":\"http:\/\/13.127.36.189\/spanish\/#website\",\"url\":\"http:\/\/13.127.36.189\/spanish\/\",\"name\":\"Atul Ltd\",\"description\":\"\",\"potentialAction\":[{\"@type\":\"SearchAction\",\"target\":{\"@type\":\"EntryPoint\",\"urlTemplate\":\"http:\/\/13.127.36.189\/spanish\/?s={search_term_string}\"},\"query-input\":{\"@type\":\"PropertyValueSpecification\",\"valueRequired\":true,\"valueName\":\"search_term_string\"}}],\"inLanguage\":\"en-US\"}]}<\/script>\n<!-- \/ Yoast SEO plugin. -->","yoast_head_json":{"title":"Acerca de Arom\u00e1ticos | Atul","robots":{"index":"index","follow":"follow","max-snippet":"max-snippet:-1","max-image-preview":"max-image-preview:large","max-video-preview":"max-video-preview:-1"},"canonical":"http:\/\/13.127.36.189\/spanish\/aromatics\/about\/","og_locale":"en_US","og_type":"article","og_title":"Acerca de Arom\u00e1ticos | Atul","og_description":"El Negocio de los Arom\u00e1ticos se estableci\u00f3 en 1988, con la fusi\u00f3n de Gujarat Aromatics Ltd y Atul. Gujarat Aromatics Ltd. era una empresa de un solo producto que fabricaba cresoles mixtos. Despu\u00e9s de la fusi\u00f3n, la empresa comenz\u00f3 a&hellip;Read more &#8250;","og_url":"http:\/\/13.127.36.189\/spanish\/aromatics\/about\/","og_site_name":"Atul Ltd","article_modified_time":"2020-06-11T05:54:52+00:00","og_image":[{"width":1246,"height":400,"url":"http:\/\/13.127.36.189\/spanish\/wp-content\/uploads\/polymers-performance-materials.png","type":"image\/png"}],"twitter_card":"summary_large_image","twitter_misc":{"Est. reading time":"1 minute"},"schema":{"@context":"https:\/\/schema.org","@graph":[{"@type":"WebPage","@id":"http:\/\/13.127.36.189\/spanish\/aromatics\/about\/","url":"http:\/\/13.127.36.189\/spanish\/aromatics\/about\/","name":"Acerca de Arom\u00e1ticos | Atul","isPartOf":{"@id":"http:\/\/13.127.36.189\/spanish\/#website"},"primaryImageOfPage":{"@id":"http:\/\/13.127.36.189\/spanish\/aromatics\/about\/#primaryimage"},"image":{"@id":"http:\/\/13.127.36.189\/spanish\/aromatics\/about\/#primaryimage"},"thumbnailUrl":"https:\/\/www.atul.co.in\/spanish\/wp-content\/uploads\/polymers-performance-materials.png","datePublished":"2017-03-09T15:21:20+00:00","dateModified":"2020-06-11T05:54:52+00:00","breadcrumb":{"@id":"http:\/\/13.127.36.189\/spanish\/aromatics\/about\/#breadcrumb"},"inLanguage":"en-US","potentialAction":[{"@type":"ReadAction","target":["http:\/\/13.127.36.189\/spanish\/aromatics\/about\/"]}]},{"@type":"ImageObject","inLanguage":"en-US","@id":"http:\/\/13.127.36.189\/spanish\/aromatics\/about\/#primaryimage","url":"https:\/\/www.atul.co.in\/spanish\/wp-content\/uploads\/polymers-performance-materials.png","contentUrl":"https:\/\/www.atul.co.in\/spanish\/wp-content\/uploads\/polymers-performance-materials.png","width":1246,"height":400},{"@type":"BreadcrumbList","@id":"http:\/\/13.127.36.189\/spanish\/aromatics\/about\/#breadcrumb","itemListElement":[{"@type":"ListItem","position":1,"name":"Home","item":"https:\/\/www.atul.co.in\/spanish\/"},{"@type":"ListItem","position":2,"name":"Aromatics","item":"\/"},{"@type":"ListItem","position":3,"name":"Compuestos Arom\u00e1ticos"}]},{"@type":"WebSite","@id":"http:\/\/13.127.36.189\/spanish\/#website","url":"http:\/\/13.127.36.189\/spanish\/","name":"Atul Ltd","description":"","potentialAction":[{"@type":"SearchAction","target":{"@type":"EntryPoint","urlTemplate":"http:\/\/13.127.36.189\/spanish\/?s={search_term_string}"},"query-input":{"@type":"PropertyValueSpecification","valueRequired":true,"valueName":"search_term_string"}}],"inLanguage":"en-US"}]}},"_links":{"self":[{"href":"https:\/\/www.atul.co.in\/spanish\/wp-json\/wp\/v2\/pages\/1173","targetHints":{"allow":["GET"]}}],"collection":[{"href":"https:\/\/www.atul.co.in\/spanish\/wp-json\/wp\/v2\/pages"}],"about":[{"href":"https:\/\/www.atul.co.in\/spanish\/wp-json\/wp\/v2\/types\/page"}],"author":[{"embeddable":true,"href":"https:\/\/www.atul.co.in\/spanish\/wp-json\/wp\/v2\/users\/1"}],"replies":[{"embeddable":true,"href":"https:\/\/www.atul.co.in\/spanish\/wp-json\/wp\/v2\/comments?post=1173"}],"version-history":[{"count":0,"href":"https:\/\/www.atul.co.in\/spanish\/wp-json\/wp\/v2\/pages\/1173\/revisions"}],"up":[{"embeddable":true,"href":"https:\/\/www.atul.co.in\/spanish\/wp-json\/wp\/v2\/pages\/853"}],"wp:featuredmedia":[{"embeddable":true,"href":"https:\/\/www.atul.co.in\/spanish\/wp-json\/wp\/v2\/media\/962"}],"wp:attachment":[{"href":"https:\/\/www.atul.co.in\/spanish\/wp-json\/wp\/v2\/media?parent=1173"}],"curies":[{"name":"wp","href":"https:\/\/api.w.org\/{rel}","templated":true}]}}