{"id":1573,"date":"2017-05-04T11:56:41","date_gmt":"2017-05-04T11:56:41","guid":{"rendered":"http:\/\/43.242.212.212\/~atulco\/?page_id=1573"},"modified":"2020-06-11T12:54:10","modified_gmt":"2020-06-11T07:24:10","slug":"cropcare-retailabout","status":"publish","type":"page","link":"https:\/\/www.atul.co.in\/spanish\/cropcare-retail\/about","title":{"rendered":"Venta Minorista de Protecci\u00f3n de Cultivos"},"content":{"rendered":"<div class=\"container\">\n<div class=\"about-text\">\n<p align=\"justify\">La Empresa Minorista de Protecci\u00f3n de Cultivos se estableci\u00f3 en el 2004 y es el sector minorista de la Empresa de Protecci\u00f3n de Cultivos de Atul. La Empresa tiene presencia en toda la India y sus productos son usados en el cultivo de arrozales, algod\u00f3n, trigo, ca\u00f1as de az\u00facar, semillas de soja y una variedad de frutas y vegetales. Sus productos se venden a trav\u00e9s de 50 marcas incluyendo Zura, Salix, Rhyzo y Amsac.<\/p>\n<p align=\"justify\"The research and manufacturing facilities of are located in Atul, Gujarat.<\/p>\n<p align=\"justify\">Con una variedad de 50 productos, la Empresa Minorista de Protecci\u00f3n de Cultivos atiende a una red de unos 2 millones de agricultores en la India a trav\u00e9s de 1650 distribuidores.<\/p>\n<p align=\"justify\">La Empresa est\u00e1 certificada por la ISO 9001 e ISO 14001.<\/p>\n<p align=\"justify\">El equipo est\u00e1 formado por unos 120 miembros.<\/p>\n<\/div>\n<\/div>\n","protected":false},"excerpt":{"rendered":"<p>La Empresa Minorista de Protecci\u00f3n de Cultivos se estableci\u00f3 en el 2004 y es el sector minorista de la Empresa de Protecci\u00f3n de Cultivos de Atul. La Empresa tiene presencia en toda la India y sus productos son usados en<span class=\"ellipsis\">&hellip;<\/span><\/p>\n<div class=\"read-more\"><a href=\"https:\/\/www.atul.co.in\/spanish\/cropcare-retail\/about\">Read more &#8250;<\/a><\/div>\n<p><!-- end of .read-more --><\/p>\n","protected":false},"author":1,"featured_media":958,"parent":872,"menu_order":0,"comment_status":"closed","ping_status":"closed","template":"crop-protection-brands-microsite-pages.php","meta":{"_acf_changed":false,"footnotes":"","_links_to":"","_links_to_target":""},"class_list":["post-1573","page","type-page","status-publish","has-post-thumbnail","hentry"],"acf":[],"yoast_head":"<!-- This site is optimized with the Yoast SEO plugin v26.8 - https:\/\/yoast.com\/product\/yoast-seo-wordpress\/ -->\n<title>Acerca de Venta Minorista de Protecci\u00f3n de Cultivos | Atul<\/title>\n<meta name=\"robots\" content=\"index, follow, max-snippet:-1, max-image-preview:large, max-video-preview:-1\" \/>\n<link rel=\"canonical\" href=\"http:\/\/13.127.36.189\/spanish\/cropcare-retail\/about\/\" \/>\n<meta property=\"og:locale\" content=\"en_US\" \/>\n<meta property=\"og:type\" content=\"article\" \/>\n<meta property=\"og:title\" content=\"Acerca de Venta Minorista de Protecci\u00f3n de Cultivos | Atul\" \/>\n<meta property=\"og:description\" content=\"La Empresa Minorista de Protecci\u00f3n de Cultivos se estableci\u00f3 en el 2004 y es el sector minorista de la Empresa de Protecci\u00f3n de Cultivos de Atul. La Empresa tiene presencia en toda la India y sus productos son usados en&hellip;Read more &#8250;\" \/>\n<meta property=\"og:url\" content=\"http:\/\/13.127.36.189\/spanish\/cropcare-retail\/about\/\" \/>\n<meta property=\"og:site_name\" content=\"Atul Ltd\" \/>\n<meta property=\"article:modified_time\" content=\"2020-06-11T07:24:10+00:00\" \/>\n<meta property=\"og:image\" content=\"http:\/\/13.127.36.189\/spanish\/wp-content\/uploads\/crop-protection-brands-banner.png\" \/>\n\t<meta property=\"og:image:width\" content=\"1246\" \/>\n\t<meta property=\"og:image:height\" content=\"400\" \/>\n\t<meta property=\"og:image:type\" content=\"image\/png\" \/>\n<meta name=\"twitter:card\" content=\"summary_large_image\" \/>\n<script type=\"application\/ld+json\" class=\"yoast-schema-graph\">{\"@context\":\"https:\/\/schema.org\",\"@graph\":[{\"@type\":\"WebPage\",\"@id\":\"http:\/\/13.127.36.189\/spanish\/cropcare-retail\/about\/\",\"url\":\"http:\/\/13.127.36.189\/spanish\/cropcare-retail\/about\/\",\"name\":\"Acerca de Venta Minorista de Protecci\u00f3n de Cultivos | Atul\",\"isPartOf\":{\"@id\":\"http:\/\/13.127.36.189\/spanish\/#website\"},\"primaryImageOfPage\":{\"@id\":\"http:\/\/13.127.36.189\/spanish\/cropcare-retail\/about\/#primaryimage\"},\"image\":{\"@id\":\"http:\/\/13.127.36.189\/spanish\/cropcare-retail\/about\/#primaryimage\"},\"thumbnailUrl\":\"https:\/\/www.atul.co.in\/spanish\/wp-content\/uploads\/crop-protection-brands-banner.png\",\"datePublished\":\"2017-05-04T11:56:41+00:00\",\"dateModified\":\"2020-06-11T07:24:10+00:00\",\"breadcrumb\":{\"@id\":\"http:\/\/13.127.36.189\/spanish\/cropcare-retail\/about\/#breadcrumb\"},\"inLanguage\":\"en-US\",\"potentialAction\":[{\"@type\":\"ReadAction\",\"target\":[\"http:\/\/13.127.36.189\/spanish\/cropcare-retail\/about\/\"]}]},{\"@type\":\"ImageObject\",\"inLanguage\":\"en-US\",\"@id\":\"http:\/\/13.127.36.189\/spanish\/cropcare-retail\/about\/#primaryimage\",\"url\":\"https:\/\/www.atul.co.in\/spanish\/wp-content\/uploads\/crop-protection-brands-banner.png\",\"contentUrl\":\"https:\/\/www.atul.co.in\/spanish\/wp-content\/uploads\/crop-protection-brands-banner.png\",\"width\":1246,\"height\":400},{\"@type\":\"BreadcrumbList\",\"@id\":\"http:\/\/13.127.36.189\/spanish\/cropcare-retail\/about\/#breadcrumb\",\"itemListElement\":[{\"@type\":\"ListItem\",\"position\":1,\"name\":\"Home\",\"item\":\"https:\/\/www.atul.co.in\/spanish\/\"},{\"@type\":\"ListItem\",\"position\":2,\"name\":\"Crop Protection Brands\",\"item\":\"\/\"},{\"@type\":\"ListItem\",\"position\":3,\"name\":\"Venta Minorista de Protecci\u00f3n de Cultivos\"}]},{\"@type\":\"WebSite\",\"@id\":\"http:\/\/13.127.36.189\/spanish\/#website\",\"url\":\"http:\/\/13.127.36.189\/spanish\/\",\"name\":\"Atul Ltd\",\"description\":\"\",\"potentialAction\":[{\"@type\":\"SearchAction\",\"target\":{\"@type\":\"EntryPoint\",\"urlTemplate\":\"http:\/\/13.127.36.189\/spanish\/?s={search_term_string}\"},\"query-input\":{\"@type\":\"PropertyValueSpecification\",\"valueRequired\":true,\"valueName\":\"search_term_string\"}}],\"inLanguage\":\"en-US\"}]}<\/script>\n<!-- \/ Yoast SEO plugin. -->","yoast_head_json":{"title":"Acerca de Venta Minorista de Protecci\u00f3n de Cultivos | Atul","robots":{"index":"index","follow":"follow","max-snippet":"max-snippet:-1","max-image-preview":"max-image-preview:large","max-video-preview":"max-video-preview:-1"},"canonical":"http:\/\/13.127.36.189\/spanish\/cropcare-retail\/about\/","og_locale":"en_US","og_type":"article","og_title":"Acerca de Venta Minorista de Protecci\u00f3n de Cultivos | Atul","og_description":"La Empresa Minorista de Protecci\u00f3n de Cultivos se estableci\u00f3 en el 2004 y es el sector minorista de la Empresa de Protecci\u00f3n de Cultivos de Atul. La Empresa tiene presencia en toda la India y sus productos son usados en&hellip;Read more &#8250;","og_url":"http:\/\/13.127.36.189\/spanish\/cropcare-retail\/about\/","og_site_name":"Atul Ltd","article_modified_time":"2020-06-11T07:24:10+00:00","og_image":[{"width":1246,"height":400,"url":"http:\/\/13.127.36.189\/spanish\/wp-content\/uploads\/crop-protection-brands-banner.png","type":"image\/png"}],"twitter_card":"summary_large_image","schema":{"@context":"https:\/\/schema.org","@graph":[{"@type":"WebPage","@id":"http:\/\/13.127.36.189\/spanish\/cropcare-retail\/about\/","url":"http:\/\/13.127.36.189\/spanish\/cropcare-retail\/about\/","name":"Acerca de Venta Minorista de Protecci\u00f3n de Cultivos | Atul","isPartOf":{"@id":"http:\/\/13.127.36.189\/spanish\/#website"},"primaryImageOfPage":{"@id":"http:\/\/13.127.36.189\/spanish\/cropcare-retail\/about\/#primaryimage"},"image":{"@id":"http:\/\/13.127.36.189\/spanish\/cropcare-retail\/about\/#primaryimage"},"thumbnailUrl":"https:\/\/www.atul.co.in\/spanish\/wp-content\/uploads\/crop-protection-brands-banner.png","datePublished":"2017-05-04T11:56:41+00:00","dateModified":"2020-06-11T07:24:10+00:00","breadcrumb":{"@id":"http:\/\/13.127.36.189\/spanish\/cropcare-retail\/about\/#breadcrumb"},"inLanguage":"en-US","potentialAction":[{"@type":"ReadAction","target":["http:\/\/13.127.36.189\/spanish\/cropcare-retail\/about\/"]}]},{"@type":"ImageObject","inLanguage":"en-US","@id":"http:\/\/13.127.36.189\/spanish\/cropcare-retail\/about\/#primaryimage","url":"https:\/\/www.atul.co.in\/spanish\/wp-content\/uploads\/crop-protection-brands-banner.png","contentUrl":"https:\/\/www.atul.co.in\/spanish\/wp-content\/uploads\/crop-protection-brands-banner.png","width":1246,"height":400},{"@type":"BreadcrumbList","@id":"http:\/\/13.127.36.189\/spanish\/cropcare-retail\/about\/#breadcrumb","itemListElement":[{"@type":"ListItem","position":1,"name":"Home","item":"https:\/\/www.atul.co.in\/spanish\/"},{"@type":"ListItem","position":2,"name":"Crop Protection Brands","item":"\/"},{"@type":"ListItem","position":3,"name":"Venta Minorista de Protecci\u00f3n de Cultivos"}]},{"@type":"WebSite","@id":"http:\/\/13.127.36.189\/spanish\/#website","url":"http:\/\/13.127.36.189\/spanish\/","name":"Atul Ltd","description":"","potentialAction":[{"@type":"SearchAction","target":{"@type":"EntryPoint","urlTemplate":"http:\/\/13.127.36.189\/spanish\/?s={search_term_string}"},"query-input":{"@type":"PropertyValueSpecification","valueRequired":true,"valueName":"search_term_string"}}],"inLanguage":"en-US"}]}},"_links":{"self":[{"href":"https:\/\/www.atul.co.in\/spanish\/wp-json\/wp\/v2\/pages\/1573","targetHints":{"allow":["GET"]}}],"collection":[{"href":"https:\/\/www.atul.co.in\/spanish\/wp-json\/wp\/v2\/pages"}],"about":[{"href":"https:\/\/www.atul.co.in\/spanish\/wp-json\/wp\/v2\/types\/page"}],"author":[{"embeddable":true,"href":"https:\/\/www.atul.co.in\/spanish\/wp-json\/wp\/v2\/users\/1"}],"replies":[{"embeddable":true,"href":"https:\/\/www.atul.co.in\/spanish\/wp-json\/wp\/v2\/comments?post=1573"}],"version-history":[{"count":0,"href":"https:\/\/www.atul.co.in\/spanish\/wp-json\/wp\/v2\/pages\/1573\/revisions"}],"up":[{"embeddable":true,"href":"https:\/\/www.atul.co.in\/spanish\/wp-json\/wp\/v2\/pages\/872"}],"wp:featuredmedia":[{"embeddable":true,"href":"https:\/\/www.atul.co.in\/spanish\/wp-json\/wp\/v2\/media\/958"}],"wp:attachment":[{"href":"https:\/\/www.atul.co.in\/spanish\/wp-json\/wp\/v2\/media?parent=1573"}],"curies":[{"name":"wp","href":"https:\/\/api.w.org\/{rel}","templated":true}]}}