{"id":1577,"date":"2017-05-04T12:08:15","date_gmt":"2017-05-04T12:08:15","guid":{"rendered":"http:\/\/43.242.212.212\/~atulco\/?page_id=1577"},"modified":"2020-06-11T13:13:53","modified_gmt":"2020-06-11T07:43:53","slug":"pharmaabout","status":"publish","type":"page","link":"https:\/\/www.atul.co.in\/spanish\/pharma\/about","title":{"rendered":"Acerca de"},"content":{"rendered":"<div class=\"container\">\n<div class=\"about-text\">\n<p align=\"justify\">La Empresa de Productos Farmac\u00e9uticos e Intermedios se estableci\u00f3 en 1999 para satisfacer la demanda de la industria farmac\u00e9utica, en particular en la esfera de los derivados del fosgeno. La empresa tiene la distinci\u00f3n de fabricar Dapsona, un Ingrediente Farmac\u00e9utico Activo (API) por primera vez en la India. Sigue siendo un l\u00edder del mercado para el producto.<\/p>\n<p align=\"justify\">Las instalaciones de fabricaci\u00f3n e investigaci\u00f3n se encuentran en Atul, Gujarat. Un laboratorio dedicado a los kilos y una planta piloto facilitan a la empresa el desarrollo y la validaci\u00f3n de nuevos productos complejos a un ritmo r\u00e1pido.<\/p>\n<p>El Negocio de Farmac\u00e9uticos e Intermediarios tiene la distinci\u00f3n de poder realizar la fosgenaci\u00f3n. Es una de las 3 \u00fanicas compa\u00f1\u00edas en la India que producen fosgeno. La empresa tiene instalaciones para fabricar una gama de API e Intermediarios API. Tambi\u00e9n cuenta con una instalaci\u00f3n de fabricaci\u00f3n de usos m\u00faltiples, una planta piloto y un laboratorio de kilogramo. La investigaci\u00f3n y el desarrollo es un \u00e1rea de inter\u00e9s para el negocio. Se han dedicado 25.000 pies cuadrados a la investigaci\u00f3n en las \u00e1reas de API e Intermedios API.<\/p>\n<p align=\"justify\">Con una cartera de 30 productos, Pharmaceuticals and Intermediates atiende a unos 150 clientes en 20 pa\u00edses.<\/p>\n<p align=\"justify\">La Empresa est\u00e1 certificada por la ISO 9001 e ISO 14001. El negocio est\u00e1 aprobado por la FDA de EE.UU. para su sitio de fabricaci\u00f3n de API. Todas sus instalaciones funcionan seg\u00fan las normas cGMP.<\/p>\n<p align=\"justify\">El equipo est\u00e1 formado por unos 200 miembros.<\/p>\n<\/div>\n<\/div>\n","protected":false},"excerpt":{"rendered":"<p>La Empresa de Productos Farmac\u00e9uticos e Intermedios se estableci\u00f3 en 1999 para satisfacer la demanda de la industria farmac\u00e9utica, en particular en la esfera de los derivados del fosgeno. La empresa tiene la distinci\u00f3n de fabricar Dapsona, un Ingrediente Farmac\u00e9utico<span class=\"ellipsis\">&hellip;<\/span><\/p>\n<div class=\"read-more\"><a href=\"https:\/\/www.atul.co.in\/spanish\/pharma\/about\">Read more &#8250;<\/a><\/div>\n<p><!-- end of .read-more --><\/p>\n","protected":false},"author":1,"featured_media":961,"parent":884,"menu_order":0,"comment_status":"closed","ping_status":"closed","template":"pharmaceuticals-intermediates-microsite-pages.php","meta":{"_acf_changed":false,"footnotes":"","_links_to":"","_links_to_target":""},"class_list":["post-1577","page","type-page","status-publish","has-post-thumbnail","hentry"],"acf":[],"yoast_head":"<!-- This site is optimized with the Yoast SEO plugin v26.8 - https:\/\/yoast.com\/product\/yoast-seo-wordpress\/ -->\n<title>Acerca de Farmac\u00e9uticos e Intermediarios | Atul<\/title>\n<meta name=\"robots\" content=\"index, follow, max-snippet:-1, max-image-preview:large, max-video-preview:-1\" \/>\n<link rel=\"canonical\" href=\"https:\/\/www.atul.co.in\/spanish\/pharma\/about\/\" \/>\n<meta property=\"og:locale\" content=\"en_US\" \/>\n<meta property=\"og:type\" content=\"article\" \/>\n<meta property=\"og:title\" content=\"Acerca de Farmac\u00e9uticos e Intermediarios | Atul\" \/>\n<meta property=\"og:description\" content=\"La Empresa de Productos Farmac\u00e9uticos e Intermedios se estableci\u00f3 en 1999 para satisfacer la demanda de la industria farmac\u00e9utica, en particular en la esfera de los derivados del fosgeno. La empresa tiene la distinci\u00f3n de fabricar Dapsona, un Ingrediente Farmac\u00e9utico&hellip;Read more &#8250;\" \/>\n<meta property=\"og:url\" content=\"https:\/\/www.atul.co.in\/spanish\/pharma\/about\/\" \/>\n<meta property=\"og:site_name\" content=\"Atul Ltd\" \/>\n<meta property=\"article:modified_time\" content=\"2020-06-11T07:43:53+00:00\" \/>\n<meta property=\"og:image\" content=\"https:\/\/www.atul.co.in\/spanish\/wp-content\/uploads\/pharmaceuticals-and-intermediates-banner.png\" \/>\n\t<meta property=\"og:image:width\" content=\"1246\" \/>\n\t<meta property=\"og:image:height\" content=\"400\" \/>\n\t<meta property=\"og:image:type\" content=\"image\/png\" \/>\n<meta name=\"twitter:card\" content=\"summary_large_image\" \/>\n<meta name=\"twitter:label1\" content=\"Est. reading time\" \/>\n\t<meta name=\"twitter:data1\" content=\"1 minute\" \/>\n<script type=\"application\/ld+json\" class=\"yoast-schema-graph\">{\"@context\":\"https:\/\/schema.org\",\"@graph\":[{\"@type\":\"WebPage\",\"@id\":\"https:\/\/www.atul.co.in\/spanish\/pharma\/about\/\",\"url\":\"https:\/\/www.atul.co.in\/spanish\/pharma\/about\/\",\"name\":\"Acerca de Farmac\u00e9uticos e Intermediarios | Atul\",\"isPartOf\":{\"@id\":\"http:\/\/13.127.36.189\/spanish\/#website\"},\"primaryImageOfPage\":{\"@id\":\"https:\/\/www.atul.co.in\/spanish\/pharma\/about\/#primaryimage\"},\"image\":{\"@id\":\"https:\/\/www.atul.co.in\/spanish\/pharma\/about\/#primaryimage\"},\"thumbnailUrl\":\"https:\/\/www.atul.co.in\/spanish\/wp-content\/uploads\/pharmaceuticals-and-intermediates-banner.png\",\"datePublished\":\"2017-05-04T12:08:15+00:00\",\"dateModified\":\"2020-06-11T07:43:53+00:00\",\"breadcrumb\":{\"@id\":\"https:\/\/www.atul.co.in\/spanish\/pharma\/about\/#breadcrumb\"},\"inLanguage\":\"en-US\",\"potentialAction\":[{\"@type\":\"ReadAction\",\"target\":[\"https:\/\/www.atul.co.in\/spanish\/pharma\/about\/\"]}]},{\"@type\":\"ImageObject\",\"inLanguage\":\"en-US\",\"@id\":\"https:\/\/www.atul.co.in\/spanish\/pharma\/about\/#primaryimage\",\"url\":\"https:\/\/www.atul.co.in\/spanish\/wp-content\/uploads\/pharmaceuticals-and-intermediates-banner.png\",\"contentUrl\":\"https:\/\/www.atul.co.in\/spanish\/wp-content\/uploads\/pharmaceuticals-and-intermediates-banner.png\",\"width\":1246,\"height\":400},{\"@type\":\"BreadcrumbList\",\"@id\":\"https:\/\/www.atul.co.in\/spanish\/pharma\/about\/#breadcrumb\",\"itemListElement\":[{\"@type\":\"ListItem\",\"position\":1,\"name\":\"Home\",\"item\":\"https:\/\/www.atul.co.in\/spanish\/\"},{\"@type\":\"ListItem\",\"position\":2,\"name\":\"Pharmaceuticals and Intermediates\",\"item\":\"\/\"},{\"@type\":\"ListItem\",\"position\":3,\"name\":\"Acerca de\"}]},{\"@type\":\"WebSite\",\"@id\":\"http:\/\/13.127.36.189\/spanish\/#website\",\"url\":\"http:\/\/13.127.36.189\/spanish\/\",\"name\":\"Atul Ltd\",\"description\":\"\",\"potentialAction\":[{\"@type\":\"SearchAction\",\"target\":{\"@type\":\"EntryPoint\",\"urlTemplate\":\"http:\/\/13.127.36.189\/spanish\/?s={search_term_string}\"},\"query-input\":{\"@type\":\"PropertyValueSpecification\",\"valueRequired\":true,\"valueName\":\"search_term_string\"}}],\"inLanguage\":\"en-US\"}]}<\/script>\n<!-- \/ Yoast SEO plugin. -->","yoast_head_json":{"title":"Acerca de Farmac\u00e9uticos e Intermediarios | Atul","robots":{"index":"index","follow":"follow","max-snippet":"max-snippet:-1","max-image-preview":"max-image-preview:large","max-video-preview":"max-video-preview:-1"},"canonical":"https:\/\/www.atul.co.in\/spanish\/pharma\/about\/","og_locale":"en_US","og_type":"article","og_title":"Acerca de Farmac\u00e9uticos e Intermediarios | Atul","og_description":"La Empresa de Productos Farmac\u00e9uticos e Intermedios se estableci\u00f3 en 1999 para satisfacer la demanda de la industria farmac\u00e9utica, en particular en la esfera de los derivados del fosgeno. La empresa tiene la distinci\u00f3n de fabricar Dapsona, un Ingrediente Farmac\u00e9utico&hellip;Read more &#8250;","og_url":"https:\/\/www.atul.co.in\/spanish\/pharma\/about\/","og_site_name":"Atul Ltd","article_modified_time":"2020-06-11T07:43:53+00:00","og_image":[{"width":1246,"height":400,"url":"https:\/\/www.atul.co.in\/spanish\/wp-content\/uploads\/pharmaceuticals-and-intermediates-banner.png","type":"image\/png"}],"twitter_card":"summary_large_image","twitter_misc":{"Est. reading time":"1 minute"},"schema":{"@context":"https:\/\/schema.org","@graph":[{"@type":"WebPage","@id":"https:\/\/www.atul.co.in\/spanish\/pharma\/about\/","url":"https:\/\/www.atul.co.in\/spanish\/pharma\/about\/","name":"Acerca de Farmac\u00e9uticos e Intermediarios | Atul","isPartOf":{"@id":"http:\/\/13.127.36.189\/spanish\/#website"},"primaryImageOfPage":{"@id":"https:\/\/www.atul.co.in\/spanish\/pharma\/about\/#primaryimage"},"image":{"@id":"https:\/\/www.atul.co.in\/spanish\/pharma\/about\/#primaryimage"},"thumbnailUrl":"https:\/\/www.atul.co.in\/spanish\/wp-content\/uploads\/pharmaceuticals-and-intermediates-banner.png","datePublished":"2017-05-04T12:08:15+00:00","dateModified":"2020-06-11T07:43:53+00:00","breadcrumb":{"@id":"https:\/\/www.atul.co.in\/spanish\/pharma\/about\/#breadcrumb"},"inLanguage":"en-US","potentialAction":[{"@type":"ReadAction","target":["https:\/\/www.atul.co.in\/spanish\/pharma\/about\/"]}]},{"@type":"ImageObject","inLanguage":"en-US","@id":"https:\/\/www.atul.co.in\/spanish\/pharma\/about\/#primaryimage","url":"https:\/\/www.atul.co.in\/spanish\/wp-content\/uploads\/pharmaceuticals-and-intermediates-banner.png","contentUrl":"https:\/\/www.atul.co.in\/spanish\/wp-content\/uploads\/pharmaceuticals-and-intermediates-banner.png","width":1246,"height":400},{"@type":"BreadcrumbList","@id":"https:\/\/www.atul.co.in\/spanish\/pharma\/about\/#breadcrumb","itemListElement":[{"@type":"ListItem","position":1,"name":"Home","item":"https:\/\/www.atul.co.in\/spanish\/"},{"@type":"ListItem","position":2,"name":"Pharmaceuticals and Intermediates","item":"\/"},{"@type":"ListItem","position":3,"name":"Acerca de"}]},{"@type":"WebSite","@id":"http:\/\/13.127.36.189\/spanish\/#website","url":"http:\/\/13.127.36.189\/spanish\/","name":"Atul Ltd","description":"","potentialAction":[{"@type":"SearchAction","target":{"@type":"EntryPoint","urlTemplate":"http:\/\/13.127.36.189\/spanish\/?s={search_term_string}"},"query-input":{"@type":"PropertyValueSpecification","valueRequired":true,"valueName":"search_term_string"}}],"inLanguage":"en-US"}]}},"_links":{"self":[{"href":"https:\/\/www.atul.co.in\/spanish\/wp-json\/wp\/v2\/pages\/1577","targetHints":{"allow":["GET"]}}],"collection":[{"href":"https:\/\/www.atul.co.in\/spanish\/wp-json\/wp\/v2\/pages"}],"about":[{"href":"https:\/\/www.atul.co.in\/spanish\/wp-json\/wp\/v2\/types\/page"}],"author":[{"embeddable":true,"href":"https:\/\/www.atul.co.in\/spanish\/wp-json\/wp\/v2\/users\/1"}],"replies":[{"embeddable":true,"href":"https:\/\/www.atul.co.in\/spanish\/wp-json\/wp\/v2\/comments?post=1577"}],"version-history":[{"count":0,"href":"https:\/\/www.atul.co.in\/spanish\/wp-json\/wp\/v2\/pages\/1577\/revisions"}],"up":[{"embeddable":true,"href":"https:\/\/www.atul.co.in\/spanish\/wp-json\/wp\/v2\/pages\/884"}],"wp:featuredmedia":[{"embeddable":true,"href":"https:\/\/www.atul.co.in\/spanish\/wp-json\/wp\/v2\/media\/961"}],"wp:attachment":[{"href":"https:\/\/www.atul.co.in\/spanish\/wp-json\/wp\/v2\/media?parent=1577"}],"curies":[{"name":"wp","href":"https:\/\/api.w.org\/{rel}","templated":true}]}}