{"id":47,"date":"2017-01-18T15:31:24","date_gmt":"2017-01-18T15:31:24","guid":{"rendered":"http:\/\/localhost\/ethinos\/atul\/?page_id=47"},"modified":"2020-06-02T10:34:54","modified_gmt":"2020-06-02T05:04:54","slug":"about","status":"publish","type":"page","link":"https:\/\/www.atul.co.in\/spanish\/about\/","title":{"rendered":"Acerca de"},"content":{"rendered":"<div class=\"container\">\n<div class=\"about-text\">\n<p>Atul es una empresa qu\u00edmica integrada, impulsada por la mejora, que sirve a unos 6.000 clientes pertenecientes a 31 industrias de todo el mundo. La Compa\u00f1\u00eda ha establecido empresas subsidiarias en los Estados Unidos (1994), el Reino Unido (1996), China (2004), Brasil (2012) y los Emiratos \u00c1rabes Unidos (2015) para atender a sus clientes y as\u00ed aumentar la amplitud y profundidad de sus negocios.<\/p>\n<p class=\"highlight\"><span class=\"teal\">Con un profundo conocimiento de la ciencia y la tecnolog\u00eda, Atul gestiona casi todos los procesos y operaciones de la unidad para fabricar unos 1.350 productos y formulaciones y cuenta con instalaciones y procesos de vanguardia para garantizar la seguridad y el tratamiento de los contaminantes gaseosos, l\u00edquidos y s\u00f3lidos. La Compa\u00f1\u00eda est\u00e1 certificada por la ISO 14001.<span><\/p>\n<p><a href=\"https:\/\/www.atul.co.in\/spanish\/pdf\/ISO-14001.pdf\" target=\"_blank\" rel=\"noopener noreferrer\"><img loading=\"lazy\" decoding=\"async\" src=\"https:\/\/www.atul.co.in\/spanish\/wp-content\/uploads\/2020\/05\/certificate-pdf-1.png\" data-src=\"https:\/\/www.atul.co.in\/spanish\/wp-content\/uploads\/2020\/05\/certificate-pdf-1.png\" onmouseover=\"this.src='https:\/\/www.atul.co.in\/spanish\/wp-content\/uploads\/2020\/05\/certificate-pdf-1hover.png'\" onmouseout=\"this.src='https:\/\/www.atul.co.in\/spanish\/wp-content\/uploads\/2020\/05\/certificate-pdf-1.png'\" width=\"150\" height=\"64\" class=\"alignnone size-full\"><\/a><\/p>\n<p>Atul estableci\u00f3 exitosas empresas conjuntas con empresas multinacionales de renombre mundial, a saber, American Cyanamid Company (que ahora forma parte de BASF AG y Pfizer Inc.) en 1947, Imperial Chemical Industries plc (que ahora forma parte de Akzo Nobel y Astra Zeneca plc) en 1955 y Ciba-Geigy Ltd (que ahora forma parte de BASF AG y Huntsman Corporation) en 1960.<\/p>\n<p>Atul fue fundada el 15 de septiembre de 1947, exactamente un mes despu\u00e9s de la independencia de la India- por Kasturbhai Lalbhai, un constructor de instituciones por excelencia y un legendario indio de su \u00e9poca. La Compa\u00f1\u00eda fue una manifestaci\u00f3n de su sue\u00f1o de generar empleo en gran escala, crear riqueza en las zonas rurales de la India y hacer que el pa\u00eds fuera auto suficiente en sus necesidades de productos qu\u00edmicos.<\/p>\n<\/div>\n<div class=\"media-investor\">\n<div class=\"space40\"><\/div>\n<div class=\"media-investor-box1\"><a href=\"?page_id=60\" class=\"heritage-icon\">&nbsp;<\/a><\/div>\n<div class=\"media-investor-box2\"><a href=\"?page_id=111\" class=\"values-icon\">&nbsp;<\/a><\/div>\n<div class=\"media-investor-box3\"><a href=\"?page_id=70\" class=\"bod-icon\">&nbsp;<\/a><\/div>\n<div class=\"clear\"><\/div>\n<div class=\"desktop\">\n<div class=\"space40\"><\/div>\n<\/div>\n<div class=\"media-investor-box4\"><a href=\"?page_id=87\" class=\"rc-icon\">&nbsp;<\/a><\/div>\n<div class=\"media-investor-box5\"><a href=\"?page_id=115\" class=\"recog-icon\">&nbsp;<\/a><\/div>\n<\/div>\n<div class=\"clear\"><\/div>\n<p><!----><\/p>\n<p><!--[one_third]<a href=\"?page_id=60\" class=\"heritage-icon\">&nbsp;<\/a>[\/one_third][one_third]<a href=\"?page_id=111\" class=\"values-icon\">&nbsp;<\/a>[\/one_third][one_third_last]<a href=\"?page_id=70\" class=\"bod-icon\">&nbsp;<\/a>[\/one_third_last]\n\n\n\n<div align=\"center\">[one_half]<a href=\"?page_id=87\" class=\"rc-icon\">&nbsp;<\/a>[\/one_half][one_half_last]<a href=\"?page_id=115\" class=\"recog-icon\">&nbsp;<\/a>[\/one_half_last]<\/div>\n\n--><\/p>\n<div class=\"timeline-wrapper\" id=\"milestone\"><div class=\"supercrsl supercarousel5099 \" data-carouseloptions=\"{&quot;source&quot;:&quot;Content&quot;,&quot;respDesktop&quot;:&quot;visible&quot;,&quot;desktopVisible&quot;:&quot;1&quot;,&quot;desktopWidth&quot;:&quot;200&quot;,&quot;desktopHeight&quot;:&quot;200&quot;,&quot;respLaptop&quot;:&quot;visible&quot;,&quot;laptopVisible&quot;:&quot;1&quot;,&quot;laptopWidth&quot;:&quot;200&quot;,&quot;laptopHeight&quot;:&quot;200&quot;,&quot;respTablet&quot;:&quot;visible&quot;,&quot;tabletVisible&quot;:&quot;1&quot;,&quot;tabletWidth&quot;:&quot;200&quot;,&quot;tabletHeight&quot;:&quot;200&quot;,&quot;respMobile&quot;:&quot;visible&quot;,&quot;mobileVisible&quot;:&quot;1&quot;,&quot;mobileWidth&quot;:&quot;200&quot;,&quot;mobileHeight&quot;:&quot;200&quot;,&quot;direction&quot;:&quot;left&quot;,&quot;effect&quot;:&quot;focus&quot;,&quot;easing&quot;:&quot;swing&quot;,&quot;easingTime&quot;:&quot;1500&quot;,&quot;step&quot;:&quot;1&quot;,&quot;auto&quot;:&quot;1&quot;,&quot;pauseTime&quot;:&quot;10000&quot;,&quot;pauseOver&quot;:&quot;1&quot;,&quot;autoscroll&quot;:&quot;0&quot;,&quot;scrollspeed&quot;:&quot;1&quot;,&quot;autoHeight&quot;:&quot;0&quot;,&quot;slideGap&quot;:&quot;1&quot;,&quot;nextPrev&quot;:&quot;1&quot;,&quot;arrowStyle&quot;:&quot;style2-black&quot;,&quot;arrowsOut&quot;:&quot;1&quot;,&quot;circular&quot;:&quot;1&quot;,&quot;mouseWheel&quot;:&quot;0&quot;,&quot;swipe&quot;:&quot;0&quot;,&quot;keys&quot;:&quot;0&quot;,&quot;paging&quot;:&quot;0&quot;,&quot;wrapper_class&quot;:&quot;&quot;,&quot;randomize&quot;:&quot;0&quot;,&quot;superhidden&quot;:&quot;0&quot;,&quot;customrespmin&quot;:[],&quot;customrespmax&quot;:[],&quot;customrespby&quot;:[],&quot;customrespvisible&quot;:[],&quot;customrespwidth&quot;:[],&quot;customrespheight&quot;:[],&quot;carouselid&quot;:5099}\">\n    <div class=\"supercarousel focuscarousel\">\n                    <div>\n                <div class=\"super_content superelement0\"><div class=\"milestones-wrapper\">\r\n<h2>Hitos: 1947-1951<\/h2>\r\n<div class=\"milestones-left\">\r\n\r\n<p>Incorporada por el Sr. Kasturbhai Lalbhai como la primera Compa\u00f1\u00eda del sector privado de la India independiente en ser inaugurada por su primer ministro<\/p>\r\n\r\n<\/div>\r\n<div class=\"milestones-right\">\r\n\r\n<p>Inicia una empresa conjunta (EC) con American Cyanamid Company de los EE.UU., Cyanamid India Ltd, para producir productos qu\u00edmicos y farmac\u00e9uticos de protecci\u00f3n a las cosechas<\/p>\r\n\r\n<\/div>\r\n<div class=\"clear\"><\/div>\r\n<\/div><\/div>            <\/div>\n                        <div>\n                <div class=\"super_content superelement0\"><div class=\"milestones-wrapper\">\r\n<h2>Hitos: 1952-1971<\/h2>\r\n<div class=\"milestones-left\">\r\n\r\n<p>Inaugurada por el Primer Ministro Jawaharlal Nehru el 17 de marzo de 1952<\/p>\r\n\r\n<p>Comenz\u00f3 la fabricaci\u00f3n de tintes (incluidos los tintes de tina) por primera vez en la India<\/p>\r\n\r\n<p>Estableci\u00f3 Kalyani Shala, una escuela para ni\u00f1os residentes en Atul y sus alrededores, con el gujarati como medio de instrucci\u00f3n<\/p>\r\n\r\n<p>Established a JV with Imperial Chemical Industries (ICI) plc of the UK, Atic Industries Ltd (Atic), to produce textile dyestuffs<\/p>\r\n\r\n<\/div>\r\n<div class=\"milestones-right\">\r\n\r\n<p>Established a JV with Ciba-Geigy Ltd (Ciba-Geigy) of Switzerland, Cibatul Ltd (Cibatul), to produce epoxy resins and curing agents<\/p>\r\n\r\n<p>Estructur\u00f3 una empresa conjunta con American Cyanamid (65%) para fabricar productos qu\u00edmicos para el cuidado de las cosechas<\/p>\r\n\r\n<p>Comenz\u00f3 la fabricaci\u00f3n de Fosgeno por primera vez en la India<\/p>\r\n\r\n<p>Celebr\u00f3 2 partidos de cricket del Trofeo Ranji en el campo de cricket de Atul<\/p>\r\n\r\n<\/div>\r\n<div class=\"clear\"><\/div>\r\n<\/div><\/div>            <\/div>\n                        <div>\n                <div class=\"super_content superelement0\"><div class=\"milestones-wrapper\">\r\n<h2>Hitos: 1972-1991<\/h2>\r\n<div class=\"milestones-left\">\r\n\r\n<p>Comenz\u00f3 la fabricaci\u00f3n de Carbamita y \u00c1cido 2,4-D por primera vez en la India <\/p>\r\n\r\n<p>Estableci\u00f3 el Fondo de Desarrollo Rural de Atul para emprender iniciativas relacionadas con el servicio a la sociedad<\/p>\r\n\r\n<p>Construy\u00f3 una planta central de tratamiento de efluentes<\/p>\r\n\r\n<p>Acquired loss-making Gujarat Aromatics Ltd through a reverse merger and got its second production site in Ankleshwar<\/p>\r\n\r\n<\/div>\r\n<div class=\"milestones-right\">\r\n\r\n<p>Comenz\u00f3 la fabricaci\u00f3n de para Cresol por primera vez en la India<\/p>\r\n\r\n<p>Fund\u00f3 Atul Vidyalaya, una escuela ICSE para ni\u00f1os residentes en Atul y sus alrededores, con el ingl\u00e9s como medio de instrucci\u00f3n<\/p>\r\n\r\n<p>Moderniz\u00f3 la planta de epox\u00eddicos y ampli\u00f3 la unidad de fabricaci\u00f3n de tintes de tina<\/p>\r\n\r\n<p>Acquired controlling interest in Piramal Rasayan Ltd engaged in the production of dye-intermediates and renamed Amal Ltd <\/p>\r\n\r\n<\/div>\r\n<div class=\"clear\"><\/div>\r\n<\/div><\/div>            <\/div>\n                        <div>\n                <div class=\"super_content superelement0\"><div class=\"milestones-wrapper\">\r\n<h2>Hitos: 1992-2011<\/h2>\r\n<div class=\"milestones-left\">\r\n\r\n<p>Se crearon Atul USA Inc, Atul Europe Ltd y Atul China Ltd<\/p>\r\n\r\n<p>Atic fusionado despu\u00e9s de que el socio JV ICI PLC sali\u00f3<\/p>\r\n\r\n<p>Adquiri\u00f3 DPD Ltd en el Reino Unido y se dedic\u00f3 a la producci\u00f3n de palmas datileras cultivadas en cultivo de tejidos <\/p>\r\n\r\n<p>Adhesivos de anclaje adquiridos Pvt Ltd, propietaria de Polygrip, una marca l\u00edder de adhesivos a base de caucho y poliuretano en India<\/p>\r\n\r\n<p>Estableci\u00f3 Atul Vidyamandir, una escuela residencial para ni\u00f1os tribales<\/p>\r\n\r\n<\/div>\r\n<div class=\"milestones-right\">\r\n\r\n<p>Estableci\u00f3 una empresa subsidiaria, Atul Bioscience Ltd., para fabricar Ingredientes Farmac\u00e9uticos Activos (API) y sus intermedios<\/p>\r\n\r\n<p>Cibatul se fusion\u00f3 despu\u00e9s de que el socio de riesgo compartido Ciba-Geigy saliera<\/p>\r\n\r\n<p>Estableci\u00f3 una empresa conjunta con Rudolf GmbH de Alemania, Rudolf Atul Chemicals Ltd, para producir productos qu\u00edmicos textiles<\/p>\r\n\r\n<p>Inaugur\u00f3 la primera oficina de Atul en Mumbai, en Dadar, en marzo de 2007<\/p>\r\n\r\n<\/div>\r\n<div class=\"clear\"><\/div>\r\n<\/div><\/div>            <\/div>\n                        <div>\n                <div class=\"super_content superelement0\"><div class=\"milestones-wrapper\">\r\n<h2>Hitos: 2012-2013<\/h2>\r\n<div class=\"milestones-left\">\r\n\r\n<p>Estableci\u00f3 una instalaci\u00f3n de producci\u00f3n para el cultivo de tejidos de palmeras datileras en Jodhpur (Rajast\u00e1n), la primera de este tipo en la India<\/p>\r\n\r\n<p>Expandi\u00f3 las instalaciones de fabricaci\u00f3n de <i>para<\/i> Cresol, la mayor del mundo<\/p>\r\n\r\n<p>Estableci\u00f3 una instalaci\u00f3n de investigaci\u00f3n de 22.000 pies cuadrados para construir el negocio de los API y los intermedios de los API<\/p>\r\n\r\n<\/div>\r\n<div class=\"milestones-right\">\r\n\r\n<p>Inaugur\u00f3 el Centro de Aprendizaje en Atul en enero de 2012<\/p>\r\n\r\n<p>Inaugur\u00f3 el Centro de Aprendizaje en Atul en enero de 2012<\/p>\r\n\r\n<\/div>\r\n<div class=\"clear\"><\/div>\r\n<\/div><\/div>            <\/div>\n                        <div>\n                <div class=\"super_content superelement0\"><div class=\"milestones-wrapper\">\r\n<h2>Hitos: 2013-2014<\/h2>\r\n<div class=\"milestones-left\">\r\n\r\n<p>Automatiz\u00f3 el procesamiento de la n\u00f3mina de 5 compa\u00f1\u00edas subsidiarias y asociadas<\/p>\r\n\r\n<p>Disminuy\u00f3 el efluente (l\u00edquido) de 41 productos en un 79% en promedio<\/p>\r\n\r\n<p>Convirti\u00f3 el sitio de Ankleshwar en una instalaci\u00f3n de \"cero descarga de efluentes l\u00edquidos\"<\/p>\r\n\r\n<\/div>\r\n<div class=\"milestones-right\">\r\n\r\n<p>Desarroll\u00f3 67 productos y formulaciones nuevas en I y D<\/p>\r\n\r\n<p>Desarroll\u00f3 una aplicaci\u00f3n m\u00f3vil para enviar solicitudes y recibir cotizaciones<\/p>\r\n\r\n<\/div>\r\n<div class=\"clear\"><\/div>\r\n<\/div><\/div>            <\/div>\n                        <div>\n                <div class=\"super_content superelement0\"><div class=\"milestones-wrapper\">\r\n<h2>Hitos: 2014-2015<\/h2>\r\n<div class=\"milestones-left\">\r\n\r\n<p>Implement\u00f3 \"Atul mobSales\", una soluci\u00f3n de movilidad integrada de c\u00f3digo abierto para la venta de marcas<\/p>\r\n\r\n<p>Implement\u00f3 \"Atul i-Quote\" - portal de proveedores de c\u00f3digo abierto para asegurar una mejor conexi\u00f3n con los proveedores<\/p>\r\n\r\n<p>Implement\u00f3 \"Saral\" - sistema de quiosco multiling\u00fce de autoservicio de recursos humanos de c\u00f3digo abierto<\/p>\r\n\r\n<\/div>\r\n<div class=\"milestones-right\">\r\n\r\n<p>Estableci\u00f3 y puso en marcha un centro de salud ocupacional bien equipado en Ankleshwar<\/p>\r\n\r\n<p>Logr\u00f3 cero descarga de efluentes l\u00edquidos en 1 producto clave<\/p>\r\n\r\n<\/div>\r\n<div class=\"clear\"><\/div>\r\n<\/div><\/div>            <\/div>\n                        <div>\n                <div class=\"super_content superelement0\"><div class=\"milestones-wrapper\">\r\n<h2>Hitos: 2015-2016<\/h2>\r\n<div class=\"milestones-left\">\r\n\r\n<p>Logr\u00f3 cero descarga de l\u00edquido en la fabricaci\u00f3n de un producto clave<\/p>\r\n\r\n<p>Construy\u00f3 un dep\u00f3sito de 6.500 kL para la recolecci\u00f3n de agua de lluvia<\/p>\r\n\r\n<p>Reemplaz\u00f3 la planta de cloro c\u00e1ustico a base de mercurio con una planta de membranas respetuosa con el medio ambiente<\/p>\r\n\r\n<\/div>\r\n<div class=\"milestones-right\">\r\n\r\n<p>Lanz\u00f3 65 productos y 19 formulaciones<\/p>\r\n\r\n<p>Se recibi\u00f3 la aprobaci\u00f3n de la USFDA para la planta de fabricaci\u00f3n de Dapsone<\/p>\r\n\r\n<p>Inaugur\u00f3 el nuevo domicilio social en Ahmedabad en enero de 2015<p>\r\n\r\n<p>Inaugur\u00f3 la segunda oficina de Mumbai, en Goregaon, en septiembre de 2015<p>\r\n\r\n<\/div>\r\n<div class=\"clear\"><\/div>\r\n<\/div><\/div>            <\/div>\n                        <div>\n                <div class=\"super_content superelement0\"><div class=\"milestones-wrapper\">\r\n<h2>Hitos: 2016-2017<\/h2>\r\n<div class=\"milestones-left\">\r\n\r\n<p>Visita del Sr. Vijay Rupani, Honorable Ministro Principal de Gujarat, al Instituto de Excelencia Vocacional de Atul<\/p>\r\n\r\n<p>Construy\u00f3 2.000 ba\u00f1os dom\u00e9sticos individuales en 15 aldeas a trav\u00e9s de la Fundaci\u00f3n Atul<\/p>\r\n\r\n<\/div>\r\n<div class=\"milestones-right\">\r\n\r\n<p>Visita de la Sra. Arundhati Bhattacharya, Presidenta del Banco Estatal de la India, a Atul Vidyalaya<\/p>\r\n\r\n<p>Estableci\u00f3 una empresa conjunta con Nouryon de los Pa\u00edses Bajos, Anaven LLP, para producir MCA<\/p>\r\n\r\n<p>Inaugur\u00f3 oficina en Thane en marzo de 2017<\/p>\r\n\r\n<\/div>\r\n<div class=\"clear\"><\/div>\r\n<\/div><\/div>            <\/div>\n                <\/div>\n    <div class=\"clear\"><\/div>\n            <a class=\"superprev super_style2-black\" href=\"#\"><span>prev<\/span><\/a>\n        <a class=\"supernext super_style2-black\" href=\"#\"><span>next<\/span><\/a>\n            <div class=\"pagination\"><\/div>\n<\/div><\/div>\n<\/div>\n<\/div>\n<div class=\"space55\"><\/div>\n","protected":false},"excerpt":{"rendered":"<p>Atul es una empresa qu\u00edmica integrada, impulsada por la mejora, que sirve a unos 6.000 clientes pertenecientes a 31 industrias de todo el mundo. La Compa\u00f1\u00eda ha establecido empresas subsidiarias en los Estados Unidos (1994), el Reino Unido (1996), China<span class=\"ellipsis\">&hellip;<\/span><\/p>\n<div class=\"read-more\"><a href=\"https:\/\/www.atul.co.in\/spanish\/about\/\">Read more &#8250;<\/a><\/div>\n<p><!-- end of .read-more --><\/p>\n","protected":false},"author":1,"featured_media":6513,"parent":0,"menu_order":0,"comment_status":"closed","ping_status":"closed","template":"full-width-page.php","meta":{"_acf_changed":false,"footnotes":"","_links_to":"","_links_to_target":""},"class_list":["post-47","page","type-page","status-publish","has-post-thumbnail","hentry"],"acf":[],"yoast_head":"<!-- This site is optimized with the Yoast SEO plugin v26.8 - https:\/\/yoast.com\/product\/yoast-seo-wordpress\/ -->\n<title>Acerca de | Atul<\/title>\n<meta name=\"robots\" content=\"index, follow, max-snippet:-1, max-image-preview:large, max-video-preview:-1\" \/>\n<link rel=\"canonical\" href=\"http:\/\/13.127.36.189\/spanish\/about\/\" \/>\n<meta property=\"og:locale\" content=\"en_US\" \/>\n<meta property=\"og:type\" content=\"article\" \/>\n<meta property=\"og:title\" content=\"Acerca de | Atul\" \/>\n<meta property=\"og:description\" content=\"Atul es una empresa qu\u00edmica integrada, impulsada por la mejora, que sirve a unos 6.000 clientes pertenecientes a 31 industrias de todo el mundo. La Compa\u00f1\u00eda ha establecido empresas subsidiarias en los Estados Unidos (1994), el Reino Unido (1996), China&hellip;Read more &#8250;\" \/>\n<meta property=\"og:url\" content=\"http:\/\/13.127.36.189\/spanish\/about\/\" \/>\n<meta property=\"og:site_name\" content=\"Atul Ltd\" \/>\n<meta property=\"article:modified_time\" content=\"2020-06-02T05:04:54+00:00\" \/>\n<meta property=\"og:image\" content=\"http:\/\/13.127.36.189\/spanish\/wp-content\/uploads\/2017\/01\/New-Project-89.png\" \/>\n\t<meta property=\"og:image:width\" content=\"1349\" \/>\n\t<meta property=\"og:image:height\" content=\"362\" \/>\n\t<meta property=\"og:image:type\" content=\"image\/png\" \/>\n<meta name=\"twitter:card\" content=\"summary_large_image\" \/>\n<meta name=\"twitter:label1\" content=\"Est. reading time\" \/>\n\t<meta name=\"twitter:data1\" content=\"1 minute\" \/>\n<script type=\"application\/ld+json\" class=\"yoast-schema-graph\">{\"@context\":\"https:\/\/schema.org\",\"@graph\":[{\"@type\":\"WebPage\",\"@id\":\"http:\/\/13.127.36.189\/spanish\/about\/\",\"url\":\"http:\/\/13.127.36.189\/spanish\/about\/\",\"name\":\"Acerca de | Atul\",\"isPartOf\":{\"@id\":\"http:\/\/13.127.36.189\/spanish\/#website\"},\"primaryImageOfPage\":{\"@id\":\"http:\/\/13.127.36.189\/spanish\/about\/#primaryimage\"},\"image\":{\"@id\":\"http:\/\/13.127.36.189\/spanish\/about\/#primaryimage\"},\"thumbnailUrl\":\"https:\/\/www.atul.co.in\/spanish\/wp-content\/uploads\/2017\/01\/New-Project-89.png\",\"datePublished\":\"2017-01-18T15:31:24+00:00\",\"dateModified\":\"2020-06-02T05:04:54+00:00\",\"breadcrumb\":{\"@id\":\"http:\/\/13.127.36.189\/spanish\/about\/#breadcrumb\"},\"inLanguage\":\"en-US\",\"potentialAction\":[{\"@type\":\"ReadAction\",\"target\":[\"http:\/\/13.127.36.189\/spanish\/about\/\"]}]},{\"@type\":\"ImageObject\",\"inLanguage\":\"en-US\",\"@id\":\"http:\/\/13.127.36.189\/spanish\/about\/#primaryimage\",\"url\":\"https:\/\/www.atul.co.in\/spanish\/wp-content\/uploads\/2017\/01\/New-Project-89.png\",\"contentUrl\":\"https:\/\/www.atul.co.in\/spanish\/wp-content\/uploads\/2017\/01\/New-Project-89.png\",\"width\":1349,\"height\":362},{\"@type\":\"BreadcrumbList\",\"@id\":\"http:\/\/13.127.36.189\/spanish\/about\/#breadcrumb\",\"itemListElement\":[{\"@type\":\"ListItem\",\"position\":1,\"name\":\"Home\",\"item\":\"https:\/\/www.atul.co.in\/spanish\/\"},{\"@type\":\"ListItem\",\"position\":2,\"name\":\"Acerca de\"}]},{\"@type\":\"WebSite\",\"@id\":\"http:\/\/13.127.36.189\/spanish\/#website\",\"url\":\"http:\/\/13.127.36.189\/spanish\/\",\"name\":\"Atul Ltd\",\"description\":\"\",\"potentialAction\":[{\"@type\":\"SearchAction\",\"target\":{\"@type\":\"EntryPoint\",\"urlTemplate\":\"http:\/\/13.127.36.189\/spanish\/?s={search_term_string}\"},\"query-input\":{\"@type\":\"PropertyValueSpecification\",\"valueRequired\":true,\"valueName\":\"search_term_string\"}}],\"inLanguage\":\"en-US\"}]}<\/script>\n<!-- \/ Yoast SEO plugin. -->","yoast_head_json":{"title":"Acerca de | Atul","robots":{"index":"index","follow":"follow","max-snippet":"max-snippet:-1","max-image-preview":"max-image-preview:large","max-video-preview":"max-video-preview:-1"},"canonical":"http:\/\/13.127.36.189\/spanish\/about\/","og_locale":"en_US","og_type":"article","og_title":"Acerca de | Atul","og_description":"Atul es una empresa qu\u00edmica integrada, impulsada por la mejora, que sirve a unos 6.000 clientes pertenecientes a 31 industrias de todo el mundo. La Compa\u00f1\u00eda ha establecido empresas subsidiarias en los Estados Unidos (1994), el Reino Unido (1996), China&hellip;Read more &#8250;","og_url":"http:\/\/13.127.36.189\/spanish\/about\/","og_site_name":"Atul Ltd","article_modified_time":"2020-06-02T05:04:54+00:00","og_image":[{"width":1349,"height":362,"url":"http:\/\/13.127.36.189\/spanish\/wp-content\/uploads\/2017\/01\/New-Project-89.png","type":"image\/png"}],"twitter_card":"summary_large_image","twitter_misc":{"Est. reading time":"1 minute"},"schema":{"@context":"https:\/\/schema.org","@graph":[{"@type":"WebPage","@id":"http:\/\/13.127.36.189\/spanish\/about\/","url":"http:\/\/13.127.36.189\/spanish\/about\/","name":"Acerca de | Atul","isPartOf":{"@id":"http:\/\/13.127.36.189\/spanish\/#website"},"primaryImageOfPage":{"@id":"http:\/\/13.127.36.189\/spanish\/about\/#primaryimage"},"image":{"@id":"http:\/\/13.127.36.189\/spanish\/about\/#primaryimage"},"thumbnailUrl":"https:\/\/www.atul.co.in\/spanish\/wp-content\/uploads\/2017\/01\/New-Project-89.png","datePublished":"2017-01-18T15:31:24+00:00","dateModified":"2020-06-02T05:04:54+00:00","breadcrumb":{"@id":"http:\/\/13.127.36.189\/spanish\/about\/#breadcrumb"},"inLanguage":"en-US","potentialAction":[{"@type":"ReadAction","target":["http:\/\/13.127.36.189\/spanish\/about\/"]}]},{"@type":"ImageObject","inLanguage":"en-US","@id":"http:\/\/13.127.36.189\/spanish\/about\/#primaryimage","url":"https:\/\/www.atul.co.in\/spanish\/wp-content\/uploads\/2017\/01\/New-Project-89.png","contentUrl":"https:\/\/www.atul.co.in\/spanish\/wp-content\/uploads\/2017\/01\/New-Project-89.png","width":1349,"height":362},{"@type":"BreadcrumbList","@id":"http:\/\/13.127.36.189\/spanish\/about\/#breadcrumb","itemListElement":[{"@type":"ListItem","position":1,"name":"Home","item":"https:\/\/www.atul.co.in\/spanish\/"},{"@type":"ListItem","position":2,"name":"Acerca de"}]},{"@type":"WebSite","@id":"http:\/\/13.127.36.189\/spanish\/#website","url":"http:\/\/13.127.36.189\/spanish\/","name":"Atul Ltd","description":"","potentialAction":[{"@type":"SearchAction","target":{"@type":"EntryPoint","urlTemplate":"http:\/\/13.127.36.189\/spanish\/?s={search_term_string}"},"query-input":{"@type":"PropertyValueSpecification","valueRequired":true,"valueName":"search_term_string"}}],"inLanguage":"en-US"}]}},"_links":{"self":[{"href":"https:\/\/www.atul.co.in\/spanish\/wp-json\/wp\/v2\/pages\/47","targetHints":{"allow":["GET"]}}],"collection":[{"href":"https:\/\/www.atul.co.in\/spanish\/wp-json\/wp\/v2\/pages"}],"about":[{"href":"https:\/\/www.atul.co.in\/spanish\/wp-json\/wp\/v2\/types\/page"}],"author":[{"embeddable":true,"href":"https:\/\/www.atul.co.in\/spanish\/wp-json\/wp\/v2\/users\/1"}],"replies":[{"embeddable":true,"href":"https:\/\/www.atul.co.in\/spanish\/wp-json\/wp\/v2\/comments?post=47"}],"version-history":[{"count":0,"href":"https:\/\/www.atul.co.in\/spanish\/wp-json\/wp\/v2\/pages\/47\/revisions"}],"wp:featuredmedia":[{"embeddable":true,"href":"https:\/\/www.atul.co.in\/spanish\/wp-json\/wp\/v2\/media\/6513"}],"wp:attachment":[{"href":"https:\/\/www.atul.co.in\/spanish\/wp-json\/wp\/v2\/media?parent=47"}],"curies":[{"name":"wp","href":"https:\/\/api.w.org\/{rel}","templated":true}]}}